Last updated on 2024-07-03 18:57:39 CEST.
Flavor | Version | Tinstall | Tcheck | Ttotal | Status | Flags |
---|---|---|---|---|---|---|
r-devel-linux-x86_64-debian-clang | 2.3.13 | 27.70 | 32.40 | 60.10 | NOTE | |
r-devel-linux-x86_64-debian-gcc | 2.3.13 | 19.25 | 25.31 | 44.56 | NOTE | |
r-devel-linux-x86_64-fedora-clang | 2.3.13 | 87.72 | NOTE | |||
r-devel-linux-x86_64-fedora-gcc | 2.3.13 | 81.01 | NOTE | |||
r-devel-windows-x86_64 | 2.3.13 | 30.00 | 64.00 | 94.00 | NOTE | |
r-patched-linux-x86_64 | 2.3.13 | 20.64 | 31.48 | 52.12 | NOTE | |
r-release-linux-x86_64 | 2.3.13 | 26.32 | 30.91 | 57.23 | NOTE | |
r-release-macos-arm64 | 2.3.13 | 26.00 | NOTE | |||
r-release-macos-x86_64 | 2.3.13 | 41.00 | NOTE | |||
r-release-windows-x86_64 | 2.3.13 | 31.00 | 65.00 | 96.00 | NOTE | |
r-oldrel-macos-arm64 | 2.3.13 | 28.00 | NOTE | |||
r-oldrel-macos-x86_64 | 2.3.13 | 41.00 | NOTE | |||
r-oldrel-windows-x86_64 | 2.3.13 | 38.00 | 73.00 | 111.00 | NOTE |
Version: 2.3.13
Check: C++ specification
Result: NOTE
Specified C++11: please drop specification unless essential
Flavors: r-devel-linux-x86_64-debian-clang, r-devel-linux-x86_64-debian-gcc, r-devel-linux-x86_64-fedora-clang, r-devel-linux-x86_64-fedora-gcc, r-devel-windows-x86_64, r-patched-linux-x86_64, r-release-linux-x86_64, r-release-macos-arm64, r-release-macos-x86_64, r-release-windows-x86_64, r-oldrel-macos-arm64, r-oldrel-macos-x86_64, r-oldrel-windows-x86_64