Last updated on 2025-07-17 06:49:36 CEST.
Flavor | Version | Tinstall | Tcheck | Ttotal | Status | Flags |
---|---|---|---|---|---|---|
r-devel-linux-x86_64-debian-clang | 1.2.3 | 83.13 | 811.20 | 894.33 | OK | |
r-devel-linux-x86_64-debian-gcc | 1.2.3 | 56.47 | 456.41 | 512.88 | OK | |
r-devel-linux-x86_64-fedora-clang | 1.2.3 | 1261.78 | OK | |||
r-devel-linux-x86_64-fedora-gcc | 1.2.3 | 1122.90 | OK | |||
r-devel-windows-x86_64 | 1.2.3 | 93.00 | 561.00 | 654.00 | OK | |
r-patched-linux-x86_64 | 1.2.3 | 80.60 | 599.33 | 679.93 | OK | |
r-release-linux-x86_64 | 1.2.3 | 80.27 | 600.79 | 681.06 | OK | |
r-release-macos-arm64 | 1.2.2 | 331.00 | OK | |||
r-release-macos-x86_64 | 1.2.3 | 481.00 | OK | |||
r-release-windows-x86_64 | 1.2.3 | 88.00 | 566.00 | 654.00 | OK | |
r-oldrel-macos-arm64 | 1.2.2 | 229.00 | NOTE | |||
r-oldrel-macos-x86_64 | 1.2.3 | 506.00 | NOTE | |||
r-oldrel-windows-x86_64 | 1.2.3 | 94.00 | 819.00 | 913.00 | OK |
Version: 1.2.2
Check: installed package size
Result: NOTE
installed size is 5.5Mb
sub-directories of 1Mb or more:
libs 3.6Mb
Flavor: r-oldrel-macos-arm64
Version: 1.2.3
Check: installed package size
Result: NOTE
installed size is 5.6Mb
sub-directories of 1Mb or more:
libs 3.8Mb
Flavor: r-oldrel-macos-x86_64