CRAN Package Check Results for Package jrich

Last updated on 2025-07-21 06:49:29 CEST.

Flavor Version Tinstall Tcheck Ttotal Status Flags
r-devel-linux-x86_64-debian-clang 0.60-35 2.94 36.92 39.86 NOTE
r-devel-linux-x86_64-debian-gcc 0.60-35 2.17 27.96 30.13 NOTE
r-devel-linux-x86_64-fedora-clang 0.60-35 60.29 OK
r-devel-linux-x86_64-fedora-gcc 0.60-35 63.68 OK
r-devel-windows-x86_64 0.60-35 5.00 55.00 60.00 OK
r-patched-linux-x86_64 0.60-35 2.66 34.71 37.37 OK
r-release-linux-x86_64 0.60-35 2.82 34.82 37.64 OK
r-release-macos-arm64 0.60-35 25.00 OK
r-release-macos-x86_64 0.60-35 44.00 OK
r-release-windows-x86_64 0.60-35 4.00 55.00 59.00 OK
r-oldrel-macos-arm64 0.60-35 23.00 OK
r-oldrel-macos-x86_64 0.60-35 32.00 OK
r-oldrel-windows-x86_64 0.60-35 6.00 63.00 69.00 OK

Check Details

Version: 0.60-35
Check: CRAN incoming feasibility
Result: NOTE Maintainer: ‘Daniel R. Miranda-Esquivel <dmiranda@uis.edu.co>’ No Authors@R field in DESCRIPTION. Please add one, modifying Authors@R: person(given = c("Daniel", "R."), family = "Miranda-Esquivel", role = c("aut", "cre"), email = "dmiranda@uis.edu.co") as necessary. Package CITATION file contains call(s) to old-style personList() or as.personList(). Please use c() on person objects instead. Package CITATION file contains call(s) to old-style citEntry(). Please use bibentry() instead. Flavors: r-devel-linux-x86_64-debian-clang, r-devel-linux-x86_64-debian-gcc