Last updated on 2025-11-04 13:50:17 CET.
| Flavor | Version | Tinstall | Tcheck | Ttotal | Status | Flags |
|---|---|---|---|---|---|---|
| r-devel-linux-x86_64-debian-clang | 2.6.0 | 4.91 | 42.90 | 47.81 | OK | |
| r-devel-linux-x86_64-debian-gcc | 2.6.0 | 3.50 | 32.57 | 36.07 | OK | |
| r-devel-linux-x86_64-fedora-clang | 2.6.0 | 12.00 | 55.24 | 67.24 | OK | |
| r-devel-linux-x86_64-fedora-gcc | 2.6.0 | 12.00 | 52.76 | 64.76 | OK | |
| r-devel-windows-x86_64 | 2.6.0 | 20.00 | 63.00 | 83.00 | OK | |
| r-patched-linux-x86_64 | 2.6.0 | 4.88 | 39.61 | 44.49 | OK | |
| r-release-linux-x86_64 | 2.6.0 | 4.75 | 39.61 | 44.36 | OK | |
| r-release-macos-arm64 | 2.6.0 | 3.00 | 28.00 | 31.00 | OK | |
| r-release-macos-x86_64 | 2.6.0 | 5.00 | 40.00 | 45.00 | OK | |
| r-release-windows-x86_64 | 2.6.0 | 14.00 | 62.00 | 76.00 | OK | |
| r-oldrel-macos-arm64 | 2.6.0 | 3.00 | 26.00 | 29.00 | NOTE | |
| r-oldrel-macos-x86_64 | 2.6.0 | 5.00 | 33.00 | 38.00 | NOTE | |
| r-oldrel-windows-x86_64 | 2.6.0 | 19.00 | 86.00 | 105.00 | OK |
Version: 2.6.0
Check: installed package size
Result: NOTE
installed size is 6.7Mb
sub-directories of 1Mb or more:
examples 2.8Mb
htmlwidgets 1.1Mb
www 2.7Mb
Flavors: r-oldrel-macos-arm64, r-oldrel-macos-x86_64