Last updated on 2024-04-23 06:57:00 CEST.
Flavor | Version | Tinstall | Tcheck | Ttotal | Status | Flags |
---|---|---|---|---|---|---|
r-devel-linux-x86_64-debian-clang | 0.0.8 | 2.14 | 39.81 | 41.95 | NOTE | |
r-devel-linux-x86_64-debian-gcc | 0.0.8 | 1.98 | 29.60 | 31.58 | NOTE | |
r-devel-linux-x86_64-fedora-clang | 0.0.8 | 53.57 | NOTE | |||
r-devel-linux-x86_64-fedora-gcc | 0.0.8 | 51.07 | NOTE | |||
r-prerel-macos-arm64 | 0.0.8 | 20.00 | NOTE | |||
r-prerel-windows-x86_64 | 0.0.8 | 3.00 | 68.00 | 71.00 | NOTE | |
r-patched-linux-x86_64 | 0.0.8 | 4.04 | 39.44 | 43.48 | NOTE | |
r-release-linux-x86_64 | 0.0.8 | 2.87 | 37.81 | 40.68 | NOTE | |
r-release-macos-arm64 | 0.0.8 | 22.00 | NOTE | |||
r-release-macos-x86_64 | 0.0.8 | 33.00 | NOTE | |||
r-release-windows-x86_64 | 0.0.8 | 3.00 | 69.00 | 72.00 | NOTE | |
r-oldrel-macos-arm64 | 0.0.8 | 22.00 | NOTE | |||
r-oldrel-windows-x86_64 | 0.0.8 | 4.00 | 70.00 | 74.00 | NOTE |
Version: 0.0.8
Check: LazyData
Result: NOTE
'LazyData' is specified without a 'data' directory
Flavors: r-devel-linux-x86_64-debian-clang, r-devel-linux-x86_64-debian-gcc, r-devel-linux-x86_64-fedora-clang, r-devel-linux-x86_64-fedora-gcc, r-prerel-macos-arm64, r-prerel-windows-x86_64, r-patched-linux-x86_64, r-release-linux-x86_64, r-release-macos-arm64, r-release-macos-x86_64, r-release-windows-x86_64, r-oldrel-macos-arm64, r-oldrel-windows-x86_64