Last updated on 2025-11-23 17:50:16 CET.
| Flavor | Version | Tinstall | Tcheck | Ttotal | Status | Flags |
|---|---|---|---|---|---|---|
| r-devel-linux-x86_64-debian-clang | 0.14.2 | 24.19 | 114.80 | 138.99 | OK | |
| r-devel-linux-x86_64-debian-gcc | 0.14.2 | 18.61 | 81.57 | 100.18 | OK | |
| r-devel-linux-x86_64-fedora-clang | 0.14.2 | 48.00 | 173.55 | 221.55 | OK | |
| r-devel-linux-x86_64-fedora-gcc | 0.14.2 | 53.00 | 177.27 | 230.27 | OK | |
| r-devel-windows-x86_64 | 0.14.2 | 40.00 | 136.00 | 176.00 | OK | |
| r-patched-linux-x86_64 | 0.14.2 | 28.03 | 110.15 | 138.18 | OK | |
| r-release-linux-x86_64 | 0.14.2 | 23.78 | 109.52 | 133.30 | OK | |
| r-release-macos-arm64 | 0.14.2 | OK | ||||
| r-release-macos-x86_64 | 0.14.2 | 25.00 | 134.00 | 159.00 | OK | |
| r-release-windows-x86_64 | 0.14.2 | 33.00 | 138.00 | 171.00 | OK | |
| r-oldrel-macos-arm64 | 0.14.2 | NOTE | ||||
| r-oldrel-macos-x86_64 | 0.14.2 | 19.00 | 124.00 | 143.00 | NOTE | |
| r-oldrel-windows-x86_64 | 0.14.2 | 40.00 | 180.00 | 220.00 | NOTE |
Version: 0.14.2
Check: package dependencies
Result: NOTE
Package suggested but not available for checking: ‘kanjistat.data’
Flavors: r-oldrel-macos-arm64, r-oldrel-macos-x86_64, r-oldrel-windows-x86_64