Last updated on 2024-04-23 18:50:59 CEST.
Flavor | Version | Tinstall | Tcheck | Ttotal | Status | Flags |
---|---|---|---|---|---|---|
r-devel-linux-x86_64-debian-clang | 0.1-0 | 10.46 | 62.39 | 72.85 | OK | |
r-devel-linux-x86_64-debian-gcc | 0.1-0 | 7.42 | 48.51 | 55.93 | OK | |
r-devel-linux-x86_64-fedora-clang | 0.1-0 | 97.94 | OK | |||
r-devel-linux-x86_64-fedora-gcc | 0.1-0 | 107.39 | OK | |||
r-prerel-macos-arm64 | 0.1-0 | 5.00 | ERROR | |||
r-prerel-macos-x86_64 | 0.1-0 | 7.00 | ERROR | |||
r-prerel-windows-x86_64 | 0.1-0 | 9.00 | 82.00 | 91.00 | OK | |
r-patched-linux-x86_64 | 0.1-0 | 8.38 | 61.27 | 69.65 | OK | |
r-release-linux-x86_64 | 0.1-0 | 8.84 | 59.42 | 68.26 | OK | |
r-release-macos-arm64 | 0.1-0 | 13.00 | ERROR | |||
r-release-macos-x86_64 | 0.1-0 | 6.00 | ERROR | |||
r-release-windows-x86_64 | 0.1-0 | 10.00 | 87.00 | 97.00 | OK | |
r-oldrel-macos-arm64 | 0.1-0 | 11.00 | ERROR | |||
r-oldrel-windows-x86_64 | 0.1-0 | 13.00 | 90.00 | 103.00 | OK |
Version: 0.1-0
Check: package dependencies
Result: ERROR
Package required but not available: ‘pbdMPI’
See section ‘The DESCRIPTION file’ in the ‘Writing R Extensions’
manual.
Flavors: r-prerel-macos-arm64, r-prerel-macos-x86_64, r-release-macos-arm64, r-release-macos-x86_64, r-oldrel-macos-arm64