Last updated on 2025-11-19 17:48:42 CET.
| Flavor | Version | Tinstall | Tcheck | Ttotal | Status | Flags |
|---|---|---|---|---|---|---|
| r-devel-linux-x86_64-debian-clang | 0.0.3 | 17.31 | 166.59 | 183.90 | OK | |
| r-devel-linux-x86_64-debian-gcc | 0.0.3 | 11.46 | 124.11 | 135.57 | OK | |
| r-devel-linux-x86_64-fedora-clang | 0.0.3 | 39.00 | 250.51 | 289.51 | OK | |
| r-devel-linux-x86_64-fedora-gcc | 0.0.3 | 75.00 | 241.75 | 316.75 | OK | |
| r-devel-windows-x86_64 | 0.0.3 | 18.00 | 270.00 | 288.00 | OK | |
| r-patched-linux-x86_64 | 0.0.3 | 16.29 | 155.49 | 171.78 | OK | |
| r-release-linux-x86_64 | 0.0.3 | 15.80 | 157.52 | 173.32 | OK | |
| r-release-macos-arm64 | 0.0.3 | OK | ||||
| r-release-macos-x86_64 | 0.0.3 | 15.00 | 198.00 | 213.00 | OK | |
| r-release-windows-x86_64 | 0.0.3 | 19.00 | 332.00 | 351.00 | OK | |
| r-oldrel-macos-arm64 | 0.0.3 | OK | ||||
| r-oldrel-macos-x86_64 | 0.0.3 | 15.00 | 191.00 | 206.00 | OK | |
| r-oldrel-windows-x86_64 | 0.0.3 | 23.00 | 291.00 | 314.00 | ERROR |
Version: 0.0.3
Check: re-building of vignette outputs
Result: ERROR
Error(s) in re-building vignettes:
--- re-building 'applications.Rmd' using rmarkdown
--- finished re-building 'applications.Rmd'
--- re-building 'autoplot_uniqueness.Rmd' using rmarkdown
--- finished re-building 'autoplot_uniqueness.Rmd'
--- re-building 'functional_api.Rmd' using rmarkdown
--- finished re-building 'functional_api.Rmd'
--- re-building 'getting_started.Rmd' using rmarkdown
--- finished re-building 'getting_started.Rmd'
--- re-building 'sequential_model.Rmd' using rmarkdown
--- finished re-building 'sequential_model.Rmd'
--- re-building 'tuning_fit_compile_args.Rmd' using rmarkdown
--- finished re-building 'tuning_fit_compile_args.Rmd'
--- re-building 'workflows_functional.Rmd' using rmarkdown
File images/model_plot_shapes_fs.png not found in resource path
Error: processing vignette 'workflows_functional.Rmd' failed with diagnostics:
pandoc document conversion failed with error 99
--- failed re-building 'workflows_functional.Rmd'
--- re-building 'workflows_sequential.Rmd' using rmarkdown
--- finished re-building 'workflows_sequential.Rmd'
SUMMARY: processing the following file failed:
'workflows_functional.Rmd'
Error: Vignette re-building failed.
Execution halted
Flavor: r-oldrel-windows-x86_64