CRAN Package Check Results for Package kerndwd

Last updated on 2025-07-28 06:50:32 CEST.

Flavor Version Tinstall Tcheck Ttotal Status Flags
r-devel-linux-x86_64-debian-clang 2.0.3 18.85 46.85 65.70 NOTE
r-devel-linux-x86_64-debian-gcc 2.0.3 10.91 33.33 44.24 NOTE
r-devel-linux-x86_64-fedora-clang 2.0.3 97.62 OK
r-devel-linux-x86_64-fedora-gcc 2.0.3 106.63 OK
r-devel-windows-x86_64 2.0.3 19.00 71.00 90.00 OK
r-patched-linux-x86_64 2.0.3 17.89 44.82 62.71 OK
r-release-linux-x86_64 2.0.3 17.13 43.94 61.07 OK
r-release-macos-arm64 2.0.3 32.00 OK
r-release-macos-x86_64 2.0.3 65.00 OK
r-release-windows-x86_64 2.0.3 20.00 79.00 99.00 OK
r-oldrel-macos-arm64 2.0.3 31.00 OK
r-oldrel-macos-x86_64 2.0.3 52.00 OK
r-oldrel-windows-x86_64 2.0.3 19.00 65.00 84.00 OK

Check Details

Version: 2.0.3
Check: CRAN incoming feasibility
Result: NOTE Maintainer: ‘Boxiang Wang <boxiang-wang@uiowa.edu>’ No Authors@R field in DESCRIPTION. Please add one, modifying Authors@R: c(person(given = "Boxiang", family = "Wang", role = c("aut", "cre"), email = "boxiang-wang@uiowa.edu"), person(given = "Hui", family = "Zou", role = "aut", email = "hzou@stat.umn.edu")) as necessary. Flavors: r-devel-linux-x86_64-debian-clang, r-devel-linux-x86_64-debian-gcc