Last updated on 2025-11-04 05:51:14 CET.
| Flavor | Version | Tinstall | Tcheck | Ttotal | Status | Flags | 
|---|---|---|---|---|---|---|
| r-devel-linux-x86_64-debian-clang | 0.3.0 | 4.04 | 41.43 | 45.47 | NOTE | |
| r-devel-linux-x86_64-debian-gcc | 0.3.0 | 3.00 | 30.96 | 33.96 | NOTE | |
| r-devel-linux-x86_64-fedora-clang | 0.3.0 | 22.00 | 50.47 | 72.47 | NOTE | |
| r-devel-linux-x86_64-fedora-gcc | 0.3.0 | 62.19 | NOTE | |||
| r-devel-windows-x86_64 | 0.3.0 | 5.00 | 55.00 | 60.00 | NOTE | |
| r-patched-linux-x86_64 | 0.3.0 | 4.61 | 39.91 | 44.52 | NOTE | |
| r-release-linux-x86_64 | 0.3.0 | 4.46 | 39.39 | 43.85 | NOTE | |
| r-release-macos-arm64 | 0.3.0 | 2.00 | 25.00 | 27.00 | NOTE | |
| r-release-macos-x86_64 | 0.3.0 | 6.00 | 42.00 | 48.00 | NOTE | |
| r-release-windows-x86_64 | 0.3.0 | 5.00 | 54.00 | 59.00 | NOTE | |
| r-oldrel-macos-arm64 | 0.3.0 | 2.00 | 21.00 | 23.00 | NOTE | |
| r-oldrel-macos-x86_64 | 0.3.0 | 3.00 | 33.00 | 36.00 | NOTE | |
| r-oldrel-windows-x86_64 | 0.3.0 | 5.00 | 74.00 | 79.00 | NOTE | 
Version: 0.3.0
Check: CRAN incoming feasibility
Result: NOTE
  Maintainer: ‘Michel Ballings <Michel.Ballings@GMail.com>’
  
  No Authors@R field in DESCRIPTION.
  Please add one, modifying
    Authors@R: c(person(given = "Michel",
                        family = "Ballings",
                        role = c("aut", "cre"),
                        email = "michel.ballings@gmail.com"),
                 person(given = "Dirk",
                        family = "Van den Poel",
                        role = "aut"))
  as necessary.
  
  Package CITATION file contains call(s) to old-style personList() or
  as.personList().  Please use c() on person objects instead.
  Package CITATION file contains call(s) to old-style citEntry().  Please
  use bibentry() instead.
Flavors: r-devel-linux-x86_64-debian-clang, r-devel-linux-x86_64-debian-gcc
Version: 0.3.0
Check: Rd files
Result: NOTE
  checkRd: (-1) kernelFactory.Rd:21: Lost braces; missing escapes or markup?
      21 | \item{method}{Can be one of the following: POLynomial kernel function (\code{pol}), LINear kernel function (\code{lin}), Radial Basis kernel Function \code{rbf}), random choice (random={pol, lin, rbf}) (\code{random}), burn- in choice of best function (burn={pol, lin, rbf }) (\code{burn}). Use \code{random} or \code{burn} if you don't know in advance which kernel function is best.}
         |                                                                                                                                                                                          ^
  checkRd: (-1) kernelFactory.Rd:21: Lost braces; missing escapes or markup?
      21 | \item{method}{Can be one of the following: POLynomial kernel function (\code{pol}), LINear kernel function (\code{lin}), Radial Basis kernel Function \code{rbf}), random choice (random={pol, lin, rbf}) (\code{random}), burn- in choice of best function (burn={pol, lin, rbf }) (\code{burn}). Use \code{random} or \code{burn} if you don't know in advance which kernel function is best.}
         |                                                                                                                                                                                                                                                                   ^
Flavors: r-devel-linux-x86_64-debian-clang, r-devel-linux-x86_64-debian-gcc, r-devel-linux-x86_64-fedora-clang, r-devel-linux-x86_64-fedora-gcc, r-devel-windows-x86_64, r-patched-linux-x86_64, r-release-linux-x86_64, r-release-macos-arm64, r-release-macos-x86_64, r-release-windows-x86_64, r-oldrel-macos-arm64, r-oldrel-macos-x86_64, r-oldrel-windows-x86_64