Last updated on 2025-11-04 05:51:14 CET.
| Flavor | Version | Tinstall | Tcheck | Ttotal | Status | Flags | 
|---|---|---|---|---|---|---|
| r-devel-linux-x86_64-debian-clang | 0.0.2 | 3.52 | 32.78 | 36.30 | NOTE | |
| r-devel-linux-x86_64-debian-gcc | 0.0.2 | 2.70 | 24.40 | 27.10 | NOTE | |
| r-devel-linux-x86_64-fedora-clang | 0.0.2 | 17.00 | 39.45 | 56.45 | NOTE | |
| r-devel-linux-x86_64-fedora-gcc | 0.0.2 | 46.22 | NOTE | |||
| r-devel-windows-x86_64 | 0.0.2 | 6.00 | 52.00 | 58.00 | NOTE | |
| r-patched-linux-x86_64 | 0.0.2 | 3.82 | 29.07 | 32.89 | NOTE | |
| r-release-linux-x86_64 | 0.0.2 | 3.48 | 29.20 | 32.68 | NOTE | |
| r-release-macos-arm64 | 0.0.2 | 2.00 | 21.00 | 23.00 | NOTE | |
| r-release-macos-x86_64 | 0.0.2 | 3.00 | 29.00 | 32.00 | NOTE | |
| r-release-windows-x86_64 | 0.0.2 | 5.00 | 49.00 | 54.00 | NOTE | |
| r-oldrel-macos-arm64 | 0.0.2 | 2.00 | 19.00 | 21.00 | OK | |
| r-oldrel-macos-x86_64 | 0.0.2 | 3.00 | 26.00 | 29.00 | OK | |
| r-oldrel-windows-x86_64 | 0.0.2 | 7.00 | 58.00 | 65.00 | OK | 
Version: 0.0.2
Check: DESCRIPTION meta-information
Result: NOTE
    Missing dependency on R >= 4.1.0 because package code uses the pipe
    |> or function shorthand \(...) syntax added in R 4.1.0.
    File(s) using such syntax:
      ‘balance.R’ ‘data.R’ ‘order.R’ ‘revise.R’ ‘utils.R’
Flavors: r-devel-linux-x86_64-debian-clang, r-devel-linux-x86_64-debian-gcc, r-devel-linux-x86_64-fedora-clang, r-devel-linux-x86_64-fedora-gcc, r-devel-windows-x86_64, r-patched-linux-x86_64, r-release-linux-x86_64, r-release-macos-arm64, r-release-macos-x86_64, r-release-windows-x86_64