Last updated on 2025-07-27 18:51:24 CEST.
Flavor | Version | Tinstall | Tcheck | Ttotal | Status | Flags |
---|---|---|---|---|---|---|
r-devel-linux-x86_64-debian-clang | 0.6.1 | 2.38 | 47.61 | 49.99 | NOTE | |
r-devel-linux-x86_64-debian-gcc | 0.6.1 | 1.66 | 40.47 | 42.13 | NOTE | |
r-devel-linux-x86_64-fedora-clang | 0.6.1 | 78.11 | NOTE | |||
r-devel-linux-x86_64-fedora-gcc | 0.6.1 | 87.64 | NOTE | |||
r-devel-windows-x86_64 | 0.6.1 | 4.00 | 82.00 | 86.00 | OK | |
r-patched-linux-x86_64 | 0.6.1 | 2.68 | 45.87 | 48.55 | NOTE | |
r-release-linux-x86_64 | 0.6.1 | 2.09 | 45.72 | 47.81 | NOTE | |
r-release-macos-arm64 | 0.6.1 | 48.00 | OK | |||
r-release-macos-x86_64 | 0.6.1 | 65.00 | OK | |||
r-release-windows-x86_64 | 0.6.1 | 4.00 | 0.00 | 4.00 | FAIL | |
r-oldrel-macos-arm64 | 0.6.1 | 37.00 | NOTE | |||
r-oldrel-macos-x86_64 | 0.6.1 | 79.00 | NOTE | |||
r-oldrel-windows-x86_64 | 0.6.1 | 5.00 | 80.00 | 85.00 | NOTE |
Version: 0.6.1
Check: DESCRIPTION meta-information
Result: NOTE
Author field differs from that derived from Authors@R
Author: ‘David M. Kaplan [aut, cre, cph] (<https://orcid.org/0000-0001-6087-359X>, dmkaplan2000)’
Authors@R: ‘David M. Kaplan [aut, cre, cph] (ORCID: <https://orcid.org/0000-0001-6087-359X>, github: dmkaplan2000)’
Flavors: r-devel-linux-x86_64-debian-clang, r-devel-linux-x86_64-debian-gcc
Version: 0.6.1
Check: Rd cross-references
Result: NOTE
Unknown package ‘gpg’ in Rd xrefs
Flavors: r-devel-linux-x86_64-debian-clang, r-devel-linux-x86_64-debian-gcc, r-devel-linux-x86_64-fedora-clang, r-devel-linux-x86_64-fedora-gcc, r-patched-linux-x86_64, r-release-linux-x86_64
Version: 0.6.1
Check: dependencies in R code
Result: NOTE
Namespace in Imports field not imported from: ‘methods’
All declared Imports should be used.
Flavors: r-devel-linux-x86_64-fedora-clang, r-devel-linux-x86_64-fedora-gcc
Version: 0.6.1
Check: PDF version of manual
Result: FAIL
Check process probably crashed or hung up for 20 minutes ... killed
Most likely this happened in the example checks (?),
if not, ignore the following last lines of example output:
>
> ### Name: remove_chunks_dialog
> ### Title: Invoke Rstudio addin to remove chunks from the active source
> ### document
> ### Aliases: remove_chunks_dialog
>
> ### ** Examples
>
> ## Not run:
> ##D remove_chunks_dialog()
> ## End(Not run)
>
>
>
>
> ### * <FOOTER>
> ###
> cleanEx()
> options(digits = 7L)
> base::cat("Time elapsed: ", proc.time() - base::get("ptime", pos = 'CheckExEnv'),"\n")
Time elapsed: 0.94 0.23 3.14 NA NA
> grDevices::dev.off()
null device
1
> ###
> ### Local variables: ***
> ### mode: outline-minor ***
> ### outline-regexp: "\\(> \\)?### [*]+" ***
> ### End: ***
> quit('no')
======== End of example output (where/before crash/hang up occured ?) ========
Flavor: r-release-windows-x86_64
Version: 0.6.1
Check: LazyData
Result: NOTE
'LazyData' is specified without a 'data' directory
Flavors: r-oldrel-macos-arm64, r-oldrel-macos-x86_64, r-oldrel-windows-x86_64