Last updated on 2024-04-19 19:50:17 CEST.
Flavor | Version | Tinstall | Tcheck | Ttotal | Status | Flags |
---|---|---|---|---|---|---|
r-devel-linux-x86_64-debian-clang | 0.3.6 | 3.29 | 152.04 | 155.33 | NOTE | |
r-devel-linux-x86_64-debian-gcc | 0.3.6 | NOTE | ||||
r-devel-linux-x86_64-fedora-clang | 0.3.6 | 188.86 | NOTE | |||
r-devel-linux-x86_64-fedora-gcc | 0.3.6 | 208.88 | NOTE | |||
r-prerel-macos-arm64 | 0.3.6 | 68.00 | NOTE | |||
r-prerel-windows-x86_64 | 0.3.6 | 4.00 | 173.00 | 177.00 | NOTE | |
r-patched-linux-x86_64 | 0.3.6 | 5.23 | 147.39 | 152.62 | NOTE | |
r-release-linux-x86_64 | 0.3.6 | 2.86 | 149.36 | 152.22 | OK | |
r-release-macos-arm64 | 0.3.6 | 71.00 | OK | |||
r-release-macos-x86_64 | 0.3.6 | 115.00 | OK | |||
r-release-windows-x86_64 | 0.3.6 | 5.00 | 212.00 | 217.00 | OK | |
r-oldrel-macos-arm64 | 0.3.6 | 68.00 | OK | |||
r-oldrel-windows-x86_64 | 0.3.6 | 5.00 | 217.00 | 222.00 | OK |
Version: 0.3.6
Check: Rd files
Result: NOTE
checkRd: (-1) knockoff.Rd:22-24: Lost braces in \itemize; meant \describe ?
checkRd: (-1) knockoff.Rd:25-27: Lost braces in \itemize; meant \describe ?
Flavors: r-devel-linux-x86_64-debian-clang, r-devel-linux-x86_64-debian-gcc, r-devel-linux-x86_64-fedora-clang, r-devel-linux-x86_64-fedora-gcc, r-prerel-macos-arm64, r-prerel-windows-x86_64, r-patched-linux-x86_64