Last updated on 2025-11-24 17:50:03 CET.
| Flavor | Version | Tinstall | Tcheck | Ttotal | Status | Flags |
|---|---|---|---|---|---|---|
| r-devel-linux-x86_64-debian-clang | 1.0.0 | 47.43 | 74.62 | 122.05 | NOTE | |
| r-devel-linux-x86_64-debian-gcc | 1.0.0 | 35.64 | 54.30 | 89.94 | NOTE | |
| r-devel-linux-x86_64-fedora-clang | 1.0.0 | 107.00 | 92.65 | 199.65 | OK | |
| r-devel-linux-x86_64-fedora-gcc | 1.0.0 | 111.00 | 82.87 | 193.87 | OK | |
| r-devel-windows-x86_64 | 1.0.0 | 68.00 | 94.00 | 162.00 | OK | |
| r-patched-linux-x86_64 | 1.0.0 | 49.07 | 67.91 | 116.98 | OK | |
| r-release-linux-x86_64 | 1.0.0 | 50.57 | 68.91 | 119.48 | OK | |
| r-release-macos-arm64 | 1.0.0 | OK | ||||
| r-release-macos-x86_64 | 1.0.0 | 21.00 | 61.00 | 82.00 | OK | |
| r-release-windows-x86_64 | 1.0.0 | 63.00 | 96.00 | 159.00 | OK | |
| r-oldrel-macos-arm64 | 1.0.0 | OK | ||||
| r-oldrel-macos-x86_64 | 1.0.0 | 20.00 | 57.00 | 77.00 | OK | |
| r-oldrel-windows-x86_64 | 1.0.0 | 74.00 | 122.00 | 196.00 | OK |
Version: 1.0.0
Check: CRAN incoming feasibility
Result: NOTE
Maintainer: ‘Juan Domingo Gonzalez <juanrst@hotmail.com>’
The Description field contains
<arxiv:1906.08198>).
Please refer to arXiv e-prints via their arXiv DOI <doi:10.48550/arXiv.YYMM.NNNNN>.
Flavors: r-devel-linux-x86_64-debian-clang, r-devel-linux-x86_64-debian-gcc