Last updated on 2024-04-23 18:50:59 CEST.
Flavor | Version | Tinstall | Tcheck | Ttotal | Status | Flags |
---|---|---|---|---|---|---|
r-devel-linux-x86_64-debian-clang | 1.73 | 6.32 | 74.66 | 80.98 | OK | |
r-devel-linux-x86_64-debian-gcc | 1.73 | 5.01 | 56.86 | 61.87 | OK | |
r-devel-linux-x86_64-fedora-clang | 1.73 | 105.62 | NOTE | |||
r-devel-linux-x86_64-fedora-gcc | 1.73 | 110.95 | NOTE | |||
r-prerel-macos-arm64 | 1.73 | 39.00 | OK | |||
r-prerel-windows-x86_64 | 1.73 | 7.00 | 108.00 | 115.00 | OK | |
r-patched-linux-x86_64 | 1.73 | 7.44 | 71.62 | 79.06 | OK | |
r-release-linux-x86_64 | 1.73 | 6.39 | 71.99 | 78.38 | OK | |
r-release-macos-arm64 | 1.73 | 55.00 | OK | |||
r-release-macos-x86_64 | 1.73 | 130.00 | OK | |||
r-release-windows-x86_64 | 1.73 | 9.00 | 113.00 | 122.00 | OK | |
r-oldrel-macos-arm64 | 1.73 | 43.00 | OK | |||
r-oldrel-windows-x86_64 | 1.73 | 9.00 | 110.00 | 119.00 | OK |
Version: 1.73
Check: dependencies in R code
Result: NOTE
Namespace in Imports field not imported from: ‘RUnit’
All declared Imports should be used.
Flavors: r-devel-linux-x86_64-fedora-clang, r-devel-linux-x86_64-fedora-gcc