Last updated on 2024-04-23 06:57:01 CEST.
Flavor | Version | Tinstall | Tcheck | Ttotal | Status | Flags |
---|---|---|---|---|---|---|
r-devel-linux-x86_64-debian-clang | 1.1.2 | 11.88 | 101.18 | 113.06 | NOTE | |
r-devel-linux-x86_64-debian-gcc | 1.1.2 | 7.03 | 77.64 | 84.67 | NOTE | |
r-devel-linux-x86_64-fedora-clang | 1.1.2 | 139.62 | NOTE | |||
r-devel-linux-x86_64-fedora-gcc | 1.1.2 | 135.03 | NOTE | |||
r-prerel-macos-arm64 | 1.1.2 | 42.00 | NOTE | |||
r-prerel-windows-x86_64 | 1.1.2 | 9.00 | 95.00 | 104.00 | NOTE | |
r-patched-linux-x86_64 | 1.1.2 | 10.25 | 97.60 | 107.85 | NOTE | |
r-release-linux-x86_64 | 1.1.2 | 10.76 | 100.94 | 111.70 | OK | |
r-release-macos-arm64 | 1.1.2 | 47.00 | OK | |||
r-release-macos-x86_64 | 1.1.2 | 120.00 | OK | |||
r-release-windows-x86_64 | 1.1.2 | 12.00 | 111.00 | 123.00 | OK | |
r-oldrel-macos-arm64 | 1.1.2 | 50.00 | OK | |||
r-oldrel-windows-x86_64 | 1.1.2 | 12.00 | 118.00 | 130.00 | OK |
Version: 1.1.2
Check: Rd files
Result: NOTE
checkRd: (-1) DOS.Rd:34: Lost braces; missing escapes or markup?
34 | Band-specific sensor $G_{rescale}$ (gain). Require either gain and offset or Grescale and Brescale to convert DN to radiance.
| ^
checkRd: (-1) DOS.Rd:37: Lost braces; missing escapes or markup?
37 | Band-specific sensor $B_{rescale}$ (bias). Require either gain and offset or Grescale and Brescale to convert DN to radiance.
| ^
Flavors: r-devel-linux-x86_64-debian-clang, r-devel-linux-x86_64-debian-gcc, r-devel-linux-x86_64-fedora-clang, r-devel-linux-x86_64-fedora-gcc, r-prerel-macos-arm64, r-prerel-windows-x86_64, r-patched-linux-x86_64