Last updated on 2024-07-05 19:04:23 CEST.
Flavor | Version | Tinstall | Tcheck | Ttotal | Status | Flags |
---|---|---|---|---|---|---|
r-devel-linux-x86_64-debian-clang | 0.1.5-1.1 | 3.32 | 20.86 | 24.18 | OK | |
r-devel-linux-x86_64-debian-gcc | 0.1.5-1.1 | 2.34 | 16.43 | 18.77 | OK | |
r-devel-linux-x86_64-fedora-clang | 0.1.5-1.1 | 32.96 | NOTE | |||
r-devel-linux-x86_64-fedora-gcc | 0.1.5-1.1 | 29.78 | NOTE | |||
r-devel-windows-x86_64 | 0.1.5-1.1 | 7.00 | 38.00 | 45.00 | OK | |
r-patched-linux-x86_64 | 0.1.5-1.1 | 2.96 | 19.42 | 22.38 | OK | |
r-release-linux-x86_64 | 0.1.5-1.1 | 2.57 | 19.88 | 22.45 | OK | |
r-release-macos-arm64 | 0.1.5-1.1 | 15.00 | OK | |||
r-release-macos-x86_64 | 0.1.5-1.1 | 21.00 | OK | |||
r-release-windows-x86_64 | 0.1.5-1.1 | 5.00 | 38.00 | 43.00 | OK | |
r-oldrel-macos-arm64 | 0.1.5-1.1 | 14.00 | OK | |||
r-oldrel-macos-x86_64 | 0.1.5-1.1 | 22.00 | OK | |||
r-oldrel-windows-x86_64 | 0.1.5-1.1 | 5.00 | 38.00 | 43.00 | OK |
Version: 0.1.5-1.1
Check: compiled code
Result: NOTE
File ‘lassoshooting/libs/lassoshooting.so’:
Found no calls to: ‘R_registerRoutines’, ‘R_useDynamicSymbols’
It is good practice to register native routines and to disable symbol
search.
See ‘Writing portable packages’ in the ‘Writing R Extensions’ manual.
Flavors: r-devel-linux-x86_64-fedora-clang, r-devel-linux-x86_64-fedora-gcc