Last updated on 2025-11-23 17:50:17 CET.
| Flavor | Version | Tinstall | Tcheck | Ttotal | Status | Flags |
|---|---|---|---|---|---|---|
| r-devel-linux-x86_64-debian-clang | 3.2 | 4.87 | 22.78 | 27.65 | NOTE | |
| r-devel-linux-x86_64-debian-gcc | 3.2 | 3.27 | 17.85 | 21.12 | NOTE | |
| r-devel-linux-x86_64-fedora-clang | 3.2 | 41.73 | OK | |||
| r-devel-linux-x86_64-fedora-gcc | 3.2 | 38.49 | OK | |||
| r-devel-windows-x86_64 | 3.2 | 11.00 | 43.00 | 54.00 | OK | |
| r-patched-linux-x86_64 | 3.2 | 3.56 | 21.31 | 24.87 | OK | |
| r-release-linux-x86_64 | 3.2 | 3.67 | 21.10 | 24.77 | OK | |
| r-release-macos-arm64 | 3.2 | OK | ||||
| r-release-macos-x86_64 | 3.2 | 8.00 | 26.00 | 34.00 | OK | |
| r-release-windows-x86_64 | 3.2 | 7.00 | 57.00 | 64.00 | OK | |
| r-oldrel-macos-arm64 | 3.2 | OK | ||||
| r-oldrel-macos-x86_64 | 3.2 | 19.00 | 46.00 | 65.00 | OK | |
| r-oldrel-windows-x86_64 | 3.2 | 10.00 | 48.00 | 58.00 | OK |
Version: 3.2
Check: CRAN incoming feasibility
Result: NOTE
Maintainer: ‘Thomas Lumley <t.lumley@auckland.ac.nz>’
No Authors@R field in DESCRIPTION.
Please add one, modifying
Authors@R: c(person(given = c("Thomas", "Lumley", "based", "on", "Fortran", "code", "by", "Alan"),
family = "Miller",
role = "aut"),
person(given = "Thomas",
family = "Lumley",
role = "cre",
email = "t.lumley@auckland.ac.nz"))
as necessary.
Flavors: r-devel-linux-x86_64-debian-clang, r-devel-linux-x86_64-debian-gcc