CRAN Package Check Results for Package lest

Last updated on 2025-06-30 18:49:44 CEST.

Flavor Version Tinstall Tcheck Ttotal Status Flags
r-devel-linux-x86_64-debian-clang 1.1.0 2.98 21.75 24.73 OK
r-devel-linux-x86_64-debian-gcc 1.1.0 2.50 18.00 20.50 OK
r-devel-linux-x86_64-fedora-clang 1.1.0 36.55 OK
r-devel-linux-x86_64-fedora-gcc 1.1.0 34.93 OK
r-devel-windows-x86_64 1.1.0 7.00 46.00 53.00 OK
r-patched-linux-x86_64 OK
r-release-linux-x86_64 1.1.0 2.63 19.49 22.12 OK
r-release-macos-arm64 1.1.0 16.00 OK
r-release-macos-x86_64 1.1.0 26.00 OK
r-release-windows-x86_64 1.1.0 7.00 45.00 52.00 OK
r-oldrel-macos-arm64 1.1.0 17.00 NOTE
r-oldrel-macos-x86_64 1.1.0 24.00 NOTE
r-oldrel-windows-x86_64 1.1.0 6.00 49.00 55.00 NOTE

Check Details

Version: 1.1.0
Check: LazyData
Result: NOTE 'LazyData' is specified without a 'data' directory Flavors: r-oldrel-macos-arm64, r-oldrel-macos-x86_64, r-oldrel-windows-x86_64