CRAN Package Check Results for Package lfl

Last updated on 2025-06-30 18:49:44 CEST.

Flavor Version Tinstall Tcheck Ttotal Status Flags
r-devel-linux-x86_64-debian-clang 2.2.1 48.48 123.74 172.22 OK
r-devel-linux-x86_64-debian-gcc 2.3.0 36.60 83.46 120.06 OK
r-devel-linux-x86_64-fedora-clang 2.3.0 220.29 OK
r-devel-linux-x86_64-fedora-gcc 2.3.0 153.05 OK
r-devel-windows-x86_64 2.3.0 56.00 161.00 217.00 OK
r-patched-linux-x86_64 OK
r-release-linux-x86_64 2.3.0 48.13 115.85 163.98 OK
r-release-macos-arm64 2.2.1 93.00 OK
r-release-macos-x86_64 2.3.0 166.00 OK
r-release-windows-x86_64 2.2.1 60.00 156.00 216.00 OK
r-oldrel-macos-arm64 2.2.1 74.00 OK
r-oldrel-macos-x86_64 2.3.0 170.00 OK
r-oldrel-windows-x86_64 2.3.0 51.00 180.00 231.00 NOTE

Check Details

Version: 2.3.0
Check: package dependencies
Result: NOTE Package suggested but not available for checking: 'doMC' Flavor: r-oldrel-windows-x86_64