Last updated on 2024-07-03 18:57:39 CEST.
Flavor | Version | Tinstall | Tcheck | Ttotal | Status | Flags |
---|---|---|---|---|---|---|
r-devel-linux-x86_64-debian-clang | 0.6-2 | 6.15 | 38.93 | 45.08 | OK | |
r-devel-linux-x86_64-debian-gcc | 0.6-2 | 4.14 | 30.06 | 34.20 | OK | |
r-devel-linux-x86_64-fedora-clang | 0.6-2 | 58.60 | NOTE | |||
r-devel-linux-x86_64-fedora-gcc | 0.6-2 | 55.54 | NOTE | |||
r-devel-windows-x86_64 | 0.6-2 | 7.00 | 55.00 | 62.00 | OK | |
r-patched-linux-x86_64 | 0.6-2 | 5.80 | 36.75 | 42.55 | OK | |
r-release-linux-x86_64 | 0.6-2 | 4.39 | 37.60 | 41.99 | OK | |
r-release-macos-arm64 | 0.6-2 | 21.00 | OK | |||
r-release-macos-x86_64 | 0.6-2 | 28.00 | OK | |||
r-release-windows-x86_64 | 0.6-2 | 7.00 | 55.00 | 62.00 | OK | |
r-oldrel-macos-arm64 | 0.6-2 | 24.00 | OK | |||
r-oldrel-macos-x86_64 | 0.6-2 | 33.00 | OK | |||
r-oldrel-windows-x86_64 | 0.6-2 | 9.00 | 59.00 | 68.00 | OK |
Version: 0.6-2
Check: compiled code
Result: NOTE
File ‘lgarch/libs/lgarch.so’:
Found no calls to: ‘R_registerRoutines’, ‘R_useDynamicSymbols’
It is good practice to register native routines and to disable symbol
search.
See ‘Writing portable packages’ in the ‘Writing R Extensions’ manual.
Flavors: r-devel-linux-x86_64-fedora-clang, r-devel-linux-x86_64-fedora-gcc