Last updated on 2024-04-17 18:56:46 CEST.
Flavor | Version | Tinstall | Tcheck | Ttotal | Status | Flags |
---|---|---|---|---|---|---|
r-devel-linux-x86_64-debian-clang | 0.6-2 | 5.06 | 39.28 | 44.34 | OK | |
r-devel-linux-x86_64-debian-gcc | 0.6-2 | 3.91 | 29.75 | 33.66 | OK | |
r-devel-linux-x86_64-fedora-clang | 0.6-2 | 53.29 | NOTE | |||
r-devel-linux-x86_64-fedora-gcc | 0.6-2 | 51.84 | NOTE | |||
r-prerel-macos-arm64 | 0.6-2 | 21.00 | OK | |||
r-prerel-windows-x86_64 | 0.6-2 | 7.00 | 67.00 | 74.00 | OK | |
r-patched-linux-x86_64 | 0.6-2 | 7.17 | 36.08 | 43.25 | OK | |
r-release-linux-x86_64 | 0.6-2 | 5.44 | 36.51 | 41.95 | OK | |
r-release-macos-arm64 | 0.6-2 | 24.00 | OK | |||
r-release-macos-x86_64 | 0.6-2 | 33.00 | OK | |||
r-release-windows-x86_64 | 0.6-2 | 9.00 | 58.00 | 67.00 | OK | |
r-oldrel-macos-arm64 | 0.6-2 | 23.00 | OK | |||
r-oldrel-windows-x86_64 | 0.6-2 | 7.00 | 58.00 | 65.00 | OK |
Version: 0.6-2
Check: compiled code
Result: NOTE
File ‘lgarch/libs/lgarch.so’:
Found no calls to: ‘R_registerRoutines’, ‘R_useDynamicSymbols’
It is good practice to register native routines and to disable symbol
search.
See ‘Writing portable packages’ in the ‘Writing R Extensions’ manual.
Flavors: r-devel-linux-x86_64-fedora-clang, r-devel-linux-x86_64-fedora-gcc