Last updated on 2025-06-30 18:49:44 CEST.
Flavor | Version | Tinstall | Tcheck | Ttotal | Status | Flags |
---|---|---|---|---|---|---|
r-devel-linux-x86_64-debian-clang | 1.0.3 | 28.12 | 249.14 | 277.26 | OK | |
r-devel-linux-x86_64-debian-gcc | 1.0.3 | 17.68 | 154.35 | 172.03 | OK | |
r-devel-linux-x86_64-fedora-clang | 1.0.3 | 439.46 | NOTE | |||
r-devel-linux-x86_64-fedora-gcc | 1.0.3 | 427.37 | NOTE | |||
r-devel-windows-x86_64 | 1.0.3 | 25.00 | 192.00 | 217.00 | OK | |
r-patched-linux-x86_64 | OK | |||||
r-release-linux-x86_64 | 1.0.3 | 19.58 | 233.85 | 253.43 | OK | |
r-release-macos-arm64 | 1.0.3 | 101.00 | OK | |||
r-release-macos-x86_64 | 1.0.3 | 195.00 | OK | |||
r-release-windows-x86_64 | 1.0.3 | 25.00 | 190.00 | 215.00 | OK | |
r-oldrel-macos-arm64 | 1.0.3 | 99.00 | OK | |||
r-oldrel-macos-x86_64 | 1.0.3 | 235.00 | OK | |||
r-oldrel-windows-x86_64 | 1.0.3 | 34.00 | 256.00 | 290.00 | OK |
Version: 1.0.3
Check: dependencies in R code
Result: NOTE
Namespace in Imports field not imported from: ‘knitr’
All declared Imports should be used.
Flavors: r-devel-linux-x86_64-fedora-clang, r-devel-linux-x86_64-fedora-gcc