CRAN Package Check Results for Package linconGaussR

Last updated on 2025-07-01 06:49:57 CEST.

Flavor Version Tinstall Tcheck Ttotal Status Flags
r-devel-linux-x86_64-debian-clang 0.1 23.14 23.79 46.93 NOTE
r-devel-linux-x86_64-debian-gcc 0.1 18.41 19.80 38.21 NOTE
r-devel-linux-x86_64-fedora-clang 0.1 86.97 NOTE
r-devel-linux-x86_64-fedora-gcc 0.1 80.54 NOTE
r-devel-windows-x86_64 0.1 30.00 64.00 94.00 NOTE
r-patched-linux-x86_64 NOTE
r-release-linux-x86_64 0.1 23.84 22.85 46.69 NOTE
r-release-macos-arm64 0.1 25.00 NOTE
r-release-macos-x86_64 0.1 45.00 NOTE
r-release-windows-x86_64 0.1 28.00 62.00 90.00 NOTE
r-oldrel-macos-arm64 0.1 26.00 NOTE
r-oldrel-macos-x86_64 0.1 33.00 NOTE
r-oldrel-windows-x86_64 0.1 32.00 71.00 103.00 NOTE

Check Details

Version: 0.1
Check: CRAN incoming feasibility
Result: NOTE Maintainer: ‘Yunyi Shen <yshen99@wisc.edu>’ The Description field contains Linear Domain Constraints. 108. <arxiv:1910.09328>. Please refer to arXiv e-prints via their arXiv DOI <doi:10.48550/arXiv.YYMM.NNNNN>. Flavors: r-devel-linux-x86_64-debian-clang, r-devel-linux-x86_64-debian-gcc

Version: 0.1
Check: C++ specification
Result: NOTE Specified C++11: please drop specification unless essential Flavors: r-devel-linux-x86_64-debian-clang, r-devel-linux-x86_64-debian-gcc, r-devel-linux-x86_64-fedora-clang, r-devel-linux-x86_64-fedora-gcc, r-devel-windows-x86_64, r-patched-linux-x86_64, r-release-linux-x86_64, r-release-macos-arm64, r-release-macos-x86_64, r-release-windows-x86_64, r-oldrel-macos-arm64, r-oldrel-macos-x86_64, r-oldrel-windows-x86_64