Last updated on 2025-11-23 05:50:22 CET.
| Flavor | Version | Tinstall | Tcheck | Ttotal | Status | Flags |
|---|---|---|---|---|---|---|
| r-devel-linux-x86_64-debian-clang | 0.4.3 | 2.27 | 42.26 | 44.53 | OK | |
| r-devel-linux-x86_64-debian-gcc | 0.4.3 | 1.67 | 32.28 | 33.95 | OK | |
| r-devel-linux-x86_64-fedora-clang | 0.4.3 | 69.40 | OK | |||
| r-devel-linux-x86_64-fedora-gcc | 0.4.3 | 76.37 | OK | |||
| r-devel-windows-x86_64 | 0.4.3 | 4.00 | 60.00 | 64.00 | OK | |
| r-patched-linux-x86_64 | 0.4.3 | 2.48 | 38.24 | 40.72 | OK | |
| r-release-linux-x86_64 | 0.4.3 | 2.39 | 38.34 | 40.73 | OK | |
| r-release-macos-arm64 | 0.4.3 | OK | ||||
| r-release-macos-x86_64 | 0.4.3 | 3.00 | 205.00 | 208.00 | OK | |
| r-release-windows-x86_64 | 0.4.3 | 4.00 | 59.00 | 63.00 | OK | |
| r-oldrel-macos-arm64 | 0.4.3 | OK | ||||
| r-oldrel-macos-x86_64 | 0.4.3 | 2.00 | 85.00 | 87.00 | OK | |
| r-oldrel-windows-x86_64 | 0.4.3 | 5.00 | 57.00 | 62.00 | NOTE |
Version: 0.4.3
Check: package dependencies
Result: NOTE
Package suggested but not available for checking: 'semPlot'
Flavor: r-oldrel-windows-x86_64