Last updated on 2024-07-03 18:57:40 CEST.
Flavor | Version | Tinstall | Tcheck | Ttotal | Status | Flags |
---|---|---|---|---|---|---|
r-devel-linux-x86_64-debian-clang | 1.7.7 | 6.74 | 68.49 | 75.23 | NOTE | |
r-devel-linux-x86_64-debian-gcc | 1.7.7 | 6.66 | 50.68 | 57.34 | NOTE | |
r-devel-linux-x86_64-fedora-clang | 1.7.7 | 93.54 | NOTE | |||
r-devel-linux-x86_64-fedora-gcc | 1.7.7 | 93.16 | NOTE | |||
r-devel-windows-x86_64 | 1.7.7 | 11.00 | 77.00 | 88.00 | NOTE | |
r-patched-linux-x86_64 | 1.7.7 | 12.78 | 64.85 | 77.63 | NOTE | |
r-release-linux-x86_64 | 1.7.7 | 9.10 | 64.47 | 73.57 | NOTE | |
r-release-macos-arm64 | 1.7.7 | 34.00 | NOTE | |||
r-release-macos-x86_64 | 1.7.7 | 45.00 | NOTE | |||
r-release-windows-x86_64 | 1.7.7 | 10.00 | 79.00 | 89.00 | NOTE | |
r-oldrel-macos-arm64 | 1.7.7 | 43.00 | OK | |||
r-oldrel-macos-x86_64 | 1.7.7 | 57.00 | OK | |||
r-oldrel-windows-x86_64 | 1.7.7 | 13.00 | 90.00 | 103.00 | OK |
Version: 1.7.7
Check: Rd files
Result: NOTE
checkRd: (-1) Rvarlacf.Rd:104: Lost braces
104 | eqn{(2s+1)^{-2}} (this was the default in versions prior to
| ^
checkRd: (-1) Rvarlacf.Rd:104: Lost braces; missing escapes or markup?
104 | eqn{(2s+1)^{-2}} (this was the default in versions prior to
| ^
Flavors: r-devel-linux-x86_64-debian-clang, r-devel-linux-x86_64-debian-gcc, r-devel-linux-x86_64-fedora-clang, r-devel-linux-x86_64-fedora-gcc, r-devel-windows-x86_64, r-patched-linux-x86_64, r-release-linux-x86_64, r-release-macos-arm64, r-release-macos-x86_64, r-release-windows-x86_64