CRAN Package Check Results for Package logOfGamma

Last updated on 2025-11-23 05:50:22 CET.

Flavor Version Tinstall Tcheck Ttotal Status Flags
r-devel-linux-x86_64-debian-clang 0.0.1 1.49 19.61 21.10 NOTE
r-devel-linux-x86_64-debian-gcc 0.0.1 1.27 16.65 17.92 NOTE
r-devel-linux-x86_64-fedora-clang 0.0.1 32.36 OK
r-devel-linux-x86_64-fedora-gcc 0.0.1 29.70 OK
r-devel-windows-x86_64 0.0.1 4.00 37.00 41.00 OK
r-patched-linux-x86_64 0.0.1 1.59 19.22 20.81 OK
r-release-linux-x86_64 0.0.1 1.59 18.41 20.00 OK
r-release-macos-arm64 0.0.1 OK
r-release-macos-x86_64 0.0.1 2.00 31.00 33.00 OK
r-release-windows-x86_64 0.0.1 3.00 38.00 41.00 OK
r-oldrel-macos-arm64 0.0.1 OK
r-oldrel-macos-x86_64 0.0.1 1.00 20.00 21.00 OK
r-oldrel-windows-x86_64 0.0.1 3.00 42.00 45.00 OK

Check Details

Version: 0.0.1
Check: CRAN incoming feasibility
Result: NOTE Maintainer: ‘Phillip Labuschagne <philliplab@gmail.com>’ No Authors@R field in DESCRIPTION. Please add one, modifying Authors@R: person(given = "Phillip", family = "Labuschagne", role = c("aut", "cre"), email = "philliplab@gmail.com") as necessary. Flavors: r-devel-linux-x86_64-debian-clang, r-devel-linux-x86_64-debian-gcc