CRAN Package Check Results for Package lpacf

Last updated on 2025-07-24 06:49:30 CEST.

Flavor Version Tinstall Tcheck Ttotal Status Flags
r-devel-linux-x86_64-debian-clang 1.0.1 3.82 32.96 36.78 NOTE
r-devel-linux-x86_64-debian-gcc 1.0.1 2.54 25.79 28.33 NOTE
r-devel-linux-x86_64-fedora-clang 1.0.1 55.11 OK
r-devel-linux-x86_64-fedora-gcc 1.0.1 56.17 OK
r-devel-windows-x86_64 1.0.1 5.00 55.00 60.00 NOTE
r-patched-linux-x86_64 1.0.1 2.99 30.70 33.69 NOTE
r-release-linux-x86_64 1.0.1 2.90 30.71 33.61 NOTE
r-release-macos-arm64 1.0.1 22.00 OK
r-release-macos-x86_64 1.0.1 38.00 OK
r-release-windows-x86_64 1.0.1 6.00 57.00 63.00 NOTE
r-oldrel-macos-arm64 1.0.1 22.00 OK
r-oldrel-macos-x86_64 1.0.1 30.00 OK
r-oldrel-windows-x86_64 1.0.1 7.00 59.00 66.00 OK

Check Details

Version: 1.0.1
Check: Rd cross-references
Result: NOTE Found the following Rd file(s) with Rd \link{} targets missing package anchors: lpacf.Epan.Rd: plot.lacf lpacf.Rd: plot.lacf summary.lpacf.Rd: print.lacf Please provide package anchors for all Rd \link{} targets not in the package itself and the base packages. Flavors: r-devel-linux-x86_64-debian-clang, r-devel-linux-x86_64-debian-gcc, r-devel-windows-x86_64, r-patched-linux-x86_64, r-release-linux-x86_64, r-release-windows-x86_64