Last updated on 2024-03-28 17:49:33 CET.
Flavor | Version | Tinstall | Tcheck | Ttotal | Status | Flags |
---|---|---|---|---|---|---|
r-devel-linux-x86_64-debian-clang | 0.6.11 | 239.76 | 107.88 | 347.64 | OK | |
r-devel-linux-x86_64-debian-gcc | 0.6.11 | 220.65 | 96.60 | 317.25 | OK | |
r-devel-linux-x86_64-fedora-clang | 0.6.11 | 413.80 | OK | |||
r-devel-linux-x86_64-fedora-gcc | 0.6.11 | 552.52 | OK | |||
r-devel-windows-x86_64 | 0.6.11 | 171.00 | 145.00 | 316.00 | OK | |
r-patched-linux-x86_64 | 0.6.11 | 260.41 | 123.03 | 383.44 | OK | |
r-release-linux-x86_64 | 0.6.11 | 269.17 | 119.04 | 388.21 | OK | |
r-release-macos-arm64 | 0.6.11 | 114.00 | NOTE | |||
r-release-macos-x86_64 | 0.6.11 | 182.00 | NOTE | |||
r-release-windows-x86_64 | 0.6.11 | 229.00 | 163.00 | 392.00 | OK | |
r-oldrel-macos-arm64 | 0.6.11 | 99.00 | NOTE | |||
r-oldrel-windows-x86_64 | 0.6.11 | 223.00 | 149.00 | 372.00 | OK |
Version: 0.6.11
Check: installed package size
Result: NOTE
installed size is 50.0Mb
sub-directories of 1Mb or more:
doc 1.6Mb
libs 47.8Mb
Flavors: r-release-macos-arm64, r-release-macos-x86_64, r-oldrel-macos-arm64