Last updated on 2025-07-27 06:49:33 CEST.
Flavor | Version | Tinstall | Tcheck | Ttotal | Status | Flags |
---|---|---|---|---|---|---|
r-devel-linux-x86_64-debian-clang | 1.0.7 | 2.09 | 55.58 | 57.67 | NOTE | |
r-devel-linux-x86_64-debian-gcc | 1.0.7 | 1.52 | 38.70 | 40.22 | NOTE | |
r-devel-linux-x86_64-fedora-clang | 1.0.7 | 86.89 | OK | |||
r-devel-linux-x86_64-fedora-gcc | 1.0.7 | 82.98 | OK | |||
r-devel-windows-x86_64 | 1.0.7 | 4.00 | 89.00 | 93.00 | OK | |
r-patched-linux-x86_64 | 1.0.7 | 2.03 | 50.97 | 53.00 | OK | |
r-release-linux-x86_64 | 1.0.7 | 2.01 | 50.62 | 52.63 | OK | |
r-release-macos-arm64 | 1.0.7 | 31.00 | OK | |||
r-release-macos-x86_64 | 1.0.7 | 68.00 | OK | |||
r-release-windows-x86_64 | 1.0.7 | 3.00 | 68.00 | 71.00 | OK | |
r-oldrel-macos-arm64 | 1.0.7 | 27.00 | OK | |||
r-oldrel-macos-x86_64 | 1.0.7 | 63.00 | OK | |||
r-oldrel-windows-x86_64 | 1.0.7 | 4.00 | 82.00 | 86.00 | OK |
Version: 1.0.7
Check: CRAN incoming feasibility
Result: NOTE
Maintainer: ‘Steven Rozen <steverozen@pm.me>’
Package CITATION file contains call(s) to old-style citEntry(). Please
use bibentry() instead.
Flavors: r-devel-linux-x86_64-debian-clang, r-devel-linux-x86_64-debian-gcc