Last updated on 2024-04-23 06:57:03 CEST.
Flavor | Version | Tinstall | Tcheck | Ttotal | Status | Flags |
---|---|---|---|---|---|---|
r-devel-linux-x86_64-debian-clang | 2.0 | 11.65 | 93.32 | 104.97 | NOTE | |
r-devel-linux-x86_64-debian-gcc | 2.0 | 8.21 | 68.91 | 77.12 | NOTE | |
r-devel-linux-x86_64-fedora-clang | 2.0 | 127.61 | NOTE | |||
r-devel-linux-x86_64-fedora-gcc | 2.0 | 120.57 | NOTE | |||
r-prerel-macos-arm64 | 2.0 | 37.00 | NOTE | |||
r-prerel-windows-x86_64 | 2.0 | 9.00 | 82.00 | 91.00 | NOTE | |
r-patched-linux-x86_64 | 2.0 | 9.40 | 87.92 | 97.32 | NOTE | |
r-release-linux-x86_64 | 2.0 | 10.48 | 93.50 | 103.98 | OK | |
r-release-macos-arm64 | 2.0 | 44.00 | OK | |||
r-release-macos-x86_64 | 2.0 | 67.00 | OK | |||
r-release-windows-x86_64 | 2.0 | 12.00 | 98.00 | 110.00 | OK | |
r-oldrel-macos-arm64 | 2.0 | 53.00 | OK | |||
r-oldrel-windows-x86_64 | 2.0 | 13.00 | 103.00 | 116.00 | OK |
Version: 2.0
Check: Rd files
Result: NOTE
checkRd: (-1) manet.Rd:25: Lost braces in \itemize; \value handles \item{}{} directly
checkRd: (-1) manet.Rd:26: Lost braces in \itemize; \value handles \item{}{} directly
checkRd: (-1) manet.Rd:27: Lost braces in \itemize; \value handles \item{}{} directly
checkRd: (-1) manet.Rd:28: Lost braces in \itemize; \value handles \item{}{} directly
checkRd: (-1) manet.Rd:29: Lost braces in \itemize; \value handles \item{}{} directly
checkRd: (-1) manet.Rd:30: Lost braces in \itemize; \value handles \item{}{} directly
checkRd: (-1) mixtbern.Rd:23: Lost braces in \itemize; \value handles \item{}{} directly
checkRd: (-1) mixtbern.Rd:24: Lost braces in \itemize; \value handles \item{}{} directly
checkRd: (-1) mixtbern.Rd:25: Lost braces in \itemize; \value handles \item{}{} directly
checkRd: (-1) mixtbern.Rd:26: Lost braces in \itemize; \value handles \item{}{} directly
checkRd: (-1) mixtbern.Rd:27: Lost braces in \itemize; \value handles \item{}{} directly
Flavors: r-devel-linux-x86_64-debian-clang, r-devel-linux-x86_64-debian-gcc, r-devel-linux-x86_64-fedora-clang, r-devel-linux-x86_64-fedora-gcc, r-prerel-macos-arm64, r-prerel-windows-x86_64, r-patched-linux-x86_64