Last updated on 2024-07-03 18:57:40 CEST.
Flavor | Version | Tinstall | Tcheck | Ttotal | Status | Flags |
---|---|---|---|---|---|---|
r-devel-linux-x86_64-debian-clang | 0.1.1 | 57.61 | 85.78 | 143.39 | NOTE | |
r-devel-linux-x86_64-debian-gcc | 0.1.1 | 44.24 | 62.88 | 107.12 | NOTE | |
r-devel-linux-x86_64-fedora-clang | 0.1.1 | 198.24 | NOTE | |||
r-devel-linux-x86_64-fedora-gcc | 0.1.1 | 205.14 | NOTE | |||
r-devel-windows-x86_64 | 0.1.1 | 51.00 | 95.00 | 146.00 | NOTE | |
r-patched-linux-x86_64 | 0.1.1 | 53.51 | 82.29 | 135.80 | NOTE | |
r-release-linux-x86_64 | 0.1.1 | 56.51 | 80.77 | 137.28 | NOTE | |
r-release-macos-arm64 | 0.1.1 | 48.00 | NOTE | |||
r-release-macos-x86_64 | 0.1.1 | 73.00 | NOTE | |||
r-release-windows-x86_64 | 0.1.1 | 50.00 | 97.00 | 147.00 | NOTE | |
r-oldrel-macos-arm64 | 0.1.1 | 56.00 | NOTE | |||
r-oldrel-macos-x86_64 | 0.1.1 | 93.00 | NOTE | |||
r-oldrel-windows-x86_64 | 0.1.1 | 62.00 | 115.00 | 177.00 | NOTE |
Version: 0.1.1
Check: C++ specification
Result: NOTE
Specified C++11: please drop specification unless essential
Flavors: r-devel-linux-x86_64-debian-clang, r-devel-linux-x86_64-debian-gcc, r-devel-linux-x86_64-fedora-clang, r-devel-linux-x86_64-fedora-gcc, r-devel-windows-x86_64, r-patched-linux-x86_64, r-release-linux-x86_64, r-release-macos-arm64, r-release-macos-x86_64, r-release-windows-x86_64, r-oldrel-macos-arm64, r-oldrel-macos-x86_64, r-oldrel-windows-x86_64