Last updated on 2024-03-28 06:01:29 CET.
Flavor | Version | Tinstall | Tcheck | Ttotal | Status | Flags |
---|---|---|---|---|---|---|
r-devel-linux-x86_64-debian-clang | 2.3.1 | 13.48 | 24.28 | 37.76 | OK | |
r-devel-linux-x86_64-debian-gcc | 2.3.1 | 11.81 | 19.30 | 31.11 | OK | |
r-devel-linux-x86_64-fedora-clang | 2.3.1 | 52.24 | NOTE | |||
r-devel-linux-x86_64-fedora-gcc | 2.3.1 | 51.38 | OK | |||
r-devel-windows-x86_64 | 2.3.1 | 23.00 | 40.00 | 63.00 | NOTE | |
r-patched-linux-x86_64 | 2.3.1 | 13.84 | 24.26 | 38.10 | OK | |
r-release-linux-x86_64 | 2.3.1 | 15.14 | 24.41 | 39.55 | OK | |
r-release-macos-arm64 | 2.3.1 | 28.00 | NOTE | |||
r-release-macos-x86_64 | 2.3.1 | 46.00 | NOTE | |||
r-release-windows-x86_64 | 2.3.1 | 24.00 | 42.00 | 66.00 | NOTE | |
r-oldrel-macos-arm64 | 2.3.1 | 30.00 | NOTE | |||
r-oldrel-windows-x86_64 | 2.3.1 | 59.00 | 44.00 | 103.00 | NOTE |
Version: 2.3.1
Check: installed package size
Result: NOTE
installed size is 33.6Mb
sub-directories of 1Mb or more:
mapdata 33.4Mb
Flavors: r-devel-linux-x86_64-fedora-clang, r-devel-windows-x86_64, r-release-macos-arm64, r-release-macos-x86_64, r-release-windows-x86_64, r-oldrel-macos-arm64, r-oldrel-windows-x86_64