Last updated on 2024-04-24 18:52:44 CEST.
Flavor | Version | Tinstall | Tcheck | Ttotal | Status | Flags |
---|---|---|---|---|---|---|
r-devel-linux-x86_64-debian-clang | 0.6.0 | 5.71 | 57.99 | 63.70 | NOTE | |
r-devel-linux-x86_64-debian-gcc | 0.6.0 | 4.58 | 41.81 | 46.39 | NOTE | |
r-devel-linux-x86_64-fedora-clang | 0.6.0 | 78.03 | NOTE | |||
r-devel-linux-x86_64-fedora-gcc | 0.6.0 | 74.23 | NOTE | |||
r-devel-windows-x86_64 | 0.6.0 | 7.00 | 62.00 | 69.00 | NOTE | |
r-patched-linux-x86_64 | 0.6.0 | 8.58 | 53.42 | 62.00 | NOTE | |
r-release-linux-x86_64 | 0.6.0 | 3.36 | 53.60 | 56.96 | NOTE | |
r-release-macos-arm64 | 0.6.0 | 29.00 | NOTE | |||
r-release-windows-x86_64 | 0.6.0 | 6.00 | 59.00 | 65.00 | NOTE | |
r-oldrel-macos-arm64 | 0.6.0 | 23.00 | NOTE | |||
r-oldrel-macos-x86_64 | 0.6.0 | 38.00 | NOTE | |||
r-oldrel-windows-x86_64 | 0.6.0 | 9.00 | 68.00 | 77.00 | NOTE |
Version: 0.6.0
Check: package subdirectories
Result: NOTE
Problems with news in ‘NEWS.md’:
Cannot extract version info from the following section titles:
Bug Fixes
Flavors: r-devel-linux-x86_64-debian-clang, r-devel-linux-x86_64-debian-gcc, r-devel-linux-x86_64-fedora-clang, r-devel-linux-x86_64-fedora-gcc, r-devel-windows-x86_64, r-patched-linux-x86_64, r-release-linux-x86_64, r-release-macos-arm64, r-release-windows-x86_64, r-oldrel-macos-x86_64, r-oldrel-windows-x86_64
Version: 0.6.0
Check: LazyData
Result: NOTE
'LazyData' is specified without a 'data' directory
Flavors: r-devel-linux-x86_64-debian-clang, r-devel-linux-x86_64-debian-gcc, r-devel-linux-x86_64-fedora-clang, r-devel-linux-x86_64-fedora-gcc, r-devel-windows-x86_64, r-patched-linux-x86_64, r-release-linux-x86_64, r-release-macos-arm64, r-release-windows-x86_64, r-oldrel-macos-arm64, r-oldrel-macos-x86_64, r-oldrel-windows-x86_64