Last updated on 2024-04-18 06:57:46 CEST.
Flavor | Version | Tinstall | Tcheck | Ttotal | Status | Flags |
---|---|---|---|---|---|---|
r-devel-linux-x86_64-debian-clang | 2.11.2 | 41.69 | 418.94 | 460.63 | OK | |
r-devel-linux-x86_64-debian-gcc | 2.11.2 | 35.22 | 296.04 | 331.26 | OK | |
r-devel-linux-x86_64-fedora-clang | 2.11.2 | 552.60 | NOTE | |||
r-devel-linux-x86_64-fedora-gcc | 2.11.2 | 523.26 | NOTE | |||
r-prerel-macos-arm64 | 2.11.2 | 132.00 | OK | |||
r-prerel-windows-x86_64 | 2.11.2 | 34.00 | 243.00 | 277.00 | OK | |
r-patched-linux-x86_64 | 2.11.2 | 47.48 | 397.35 | 444.83 | OK | |
r-release-linux-x86_64 | 2.11.2 | 41.51 | 397.38 | 438.89 | OK | |
r-release-macos-arm64 | 2.11.2 | 136.00 | OK | |||
r-release-macos-x86_64 | 2.11.2 | 316.00 | OK | |||
r-release-windows-x86_64 | 2.11.2 | 48.00 | 330.00 | 378.00 | OK | |
r-oldrel-macos-arm64 | 2.11.2 | 123.00 | OK | |||
r-oldrel-windows-x86_64 | 2.11.2 | 50.00 | 320.00 | 370.00 | OK |
Version: 2.11.2
Check: Rd cross-references
Result: NOTE
Undeclared package ‘chromote’ in Rd xrefs
Flavor: r-devel-linux-x86_64-fedora-clang
Version: 2.11.2
Check: data for non-ASCII characters
Result: NOTE
Note: found 1 marked UTF-8 string
Flavors: r-devel-linux-x86_64-fedora-clang, r-devel-linux-x86_64-fedora-gcc