Last updated on 2025-11-23 05:50:23 CET.
| Flavor | Version | Tinstall | Tcheck | Ttotal | Status | Flags |
|---|---|---|---|---|---|---|
| r-devel-linux-x86_64-debian-clang | 1.0.1 | 8.01 | 220.40 | 228.41 | OK | |
| r-devel-linux-x86_64-debian-gcc | 1.1.0 | 6.32 | 403.91 | 410.23 | OK | |
| r-devel-linux-x86_64-fedora-clang | 1.1.0 | 50.00 | 894.99 | 944.99 | OK | |
| r-devel-linux-x86_64-fedora-gcc | 1.1.0 | 19.00 | 873.68 | 892.68 | OK | |
| r-devel-windows-x86_64 | 1.0.1 | 13.00 | 185.00 | 198.00 | OK | |
| r-patched-linux-x86_64 | 1.0.1 | 8.01 | 213.64 | 221.65 | OK | |
| r-release-linux-x86_64 | 1.1.0 | 7.80 | 545.17 | 552.97 | OK | |
| r-release-macos-arm64 | 1.1.0 | 2.00 | 110.00 | 112.00 | OK | |
| r-release-macos-x86_64 | 1.1.0 | 9.00 | 483.00 | 492.00 | OK | |
| r-release-windows-x86_64 | 1.0.1 | 11.00 | 184.00 | 195.00 | OK | |
| r-oldrel-macos-arm64 | 1.1.0 | 2.00 | 113.00 | 115.00 | NOTE | |
| r-oldrel-macos-x86_64 | 1.1.0 | 9.00 | 523.00 | 532.00 | NOTE | |
| r-oldrel-windows-x86_64 | 1.0.1 | 13.00 | 239.00 | 252.00 | NOTE |
Version: 1.1.0
Check: installed package size
Result: NOTE
installed size is 11.1Mb
sub-directories of 1Mb or more:
doc 10.0Mb
Flavors: r-oldrel-macos-arm64, r-oldrel-macos-x86_64
Version: 1.0.1
Check: installed package size
Result: NOTE
installed size is 8.9Mb
sub-directories of 1Mb or more:
doc 7.8Mb
Flavor: r-oldrel-windows-x86_64