Last updated on 2025-11-20 17:49:43 CET.
| Flavor | Version | Tinstall | Tcheck | Ttotal | Status | Flags |
|---|---|---|---|---|---|---|
| r-devel-linux-x86_64-debian-clang | 0.1.1 | 2.97 | 37.93 | 40.90 | OK | |
| r-devel-linux-x86_64-debian-gcc | 0.1.1 | 2.13 | 29.82 | 31.95 | OK | |
| r-devel-linux-x86_64-fedora-clang | 0.1.1 | 61.59 | OK | |||
| r-devel-linux-x86_64-fedora-gcc | 0.1.1 | 70.90 | OK | |||
| r-devel-windows-x86_64 | 0.1.1 | 7.00 | 56.00 | 63.00 | OK | |
| r-patched-linux-x86_64 | 0.1.1 | 2.73 | 34.73 | 37.46 | OK | |
| r-release-linux-x86_64 | 0.1.1 | 2.51 | 34.27 | 36.78 | OK | |
| r-release-macos-arm64 | 0.1.1 | OK | ||||
| r-release-macos-x86_64 | 0.1.1 | 3.00 | 44.00 | 47.00 | OK | |
| r-release-windows-x86_64 | 0.1.1 | 5.00 | 52.00 | 57.00 | OK | |
| r-oldrel-macos-arm64 | 0.1.1 | NOTE | ||||
| r-oldrel-macos-x86_64 | 0.1.1 | 2.00 | 42.00 | 44.00 | NOTE | |
| r-oldrel-windows-x86_64 | 0.1.1 | 6.00 | 61.00 | 67.00 | NOTE |
Version: 0.1.1
Check: LazyData
Result: NOTE
'LazyData' is specified without a 'data' directory
Flavors: r-oldrel-macos-arm64, r-oldrel-macos-x86_64, r-oldrel-windows-x86_64