Last updated on 2025-11-04 05:51:16 CET.
| Flavor | Version | Tinstall | Tcheck | Ttotal | Status | Flags | 
|---|---|---|---|---|---|---|
| r-devel-linux-x86_64-debian-clang | 0.4.0 | 17.19 | 156.02 | 173.21 | NOTE | |
| r-devel-linux-x86_64-debian-gcc | 0.4.0 | 12.13 | 106.47 | 118.60 | NOTE | |
| r-devel-linux-x86_64-fedora-clang | 0.4.0 | 34.00 | 240.49 | 274.49 | NOTE | |
| r-devel-linux-x86_64-fedora-gcc | 0.4.0 | 42.00 | 234.40 | 276.40 | NOTE | |
| r-devel-windows-x86_64 | 0.4.0 | 22.00 | 165.00 | 187.00 | NOTE | |
| r-patched-linux-x86_64 | 0.4.0 | 20.15 | 146.82 | 166.97 | NOTE | |
| r-release-linux-x86_64 | 0.4.0 | 18.21 | 148.48 | 166.69 | NOTE | |
| r-release-macos-arm64 | 0.4.0 | 7.00 | 64.00 | 71.00 | NOTE | |
| r-release-macos-x86_64 | 0.4.0 | 16.00 | 141.00 | 157.00 | OK | |
| r-release-windows-x86_64 | 0.4.0 | 22.00 | 161.00 | 183.00 | NOTE | |
| r-oldrel-macos-arm64 | 0.4.0 | 10.00 | 90.00 | 100.00 | OK | |
| r-oldrel-macos-x86_64 | 0.4.0 | 15.00 | 150.00 | 165.00 | OK | |
| r-oldrel-windows-x86_64 | 0.4.0 | 29.00 | 217.00 | 246.00 | OK | 
Version: 0.4.0
Check: DESCRIPTION meta-information
Result: NOTE
    Missing dependency on R >= 4.1.0 because package code uses the pipe
    |> or function shorthand \(...) syntax added in R 4.1.0.
    File(s) using such syntax:
      ‘column_group_by_drop_default.Rd’ ‘context.Rd’ ‘filter_column.Rd’
      ‘filter_row.Rd’ ‘join.Rd’ ‘row_group_by_drop_default.Rd’
Flavors: r-devel-linux-x86_64-debian-clang, r-devel-linux-x86_64-debian-gcc, r-devel-linux-x86_64-fedora-clang, r-devel-linux-x86_64-fedora-gcc, r-devel-windows-x86_64, r-patched-linux-x86_64, r-release-linux-x86_64, r-release-macos-arm64, r-release-windows-x86_64