Last updated on 2024-07-03 18:57:40 CEST.
Flavor | Version | Tinstall | Tcheck | Ttotal | Status | Flags |
---|---|---|---|---|---|---|
r-devel-linux-x86_64-debian-clang | 0.1.3 | 6.49 | 47.04 | 53.53 | NOTE | |
r-devel-linux-x86_64-debian-gcc | 0.1.3 | 5.09 | 35.72 | 40.81 | NOTE | |
r-devel-linux-x86_64-fedora-clang | 0.1.3 | 66.80 | NOTE | |||
r-devel-linux-x86_64-fedora-gcc | 0.1.3 | 63.55 | NOTE | |||
r-devel-windows-x86_64 | 0.1.3 | 7.00 | 69.00 | 76.00 | OK | |
r-patched-linux-x86_64 | 0.1.3 | 8.03 | 44.95 | 52.98 | NOTE | |
r-release-linux-x86_64 | 0.1.3 | 6.55 | 44.41 | 50.96 | NOTE | |
r-release-macos-arm64 | 0.1.3 | 24.00 | OK | |||
r-release-macos-x86_64 | 0.1.3 | 32.00 | OK | |||
r-release-windows-x86_64 | 0.1.3 | 7.00 | 70.00 | 77.00 | OK | |
r-oldrel-macos-arm64 | 0.1.3 | 24.00 | OK | |||
r-oldrel-macos-x86_64 | 0.1.3 | 33.00 | OK | |||
r-oldrel-windows-x86_64 | 0.1.3 | 8.00 | 79.00 | 87.00 | OK |
Version: 0.1.3
Check: for non-standard things in the check directory
Result: NOTE
Found the following files/directories:
‘map_5.png’ ‘maze_5.html’
Flavors: r-devel-linux-x86_64-debian-clang, r-devel-linux-x86_64-debian-gcc, r-devel-linux-x86_64-fedora-clang, r-devel-linux-x86_64-fedora-gcc, r-patched-linux-x86_64, r-release-linux-x86_64