Last updated on 2025-11-23 05:50:23 CET.
| Flavor | Version | Tinstall | Tcheck | Ttotal | Status | Flags |
|---|---|---|---|---|---|---|
| r-devel-linux-x86_64-debian-clang | 0.2.0 | 2.57 | 151.86 | 154.43 | NOTE | |
| r-devel-linux-x86_64-debian-gcc | 0.2.0 | 2.39 | 97.82 | 100.21 | NOTE | |
| r-devel-linux-x86_64-fedora-clang | 0.2.0 | 237.72 | NOTE | |||
| r-devel-linux-x86_64-fedora-gcc | 0.2.0 | 228.39 | NOTE | |||
| r-devel-windows-x86_64 | 0.2.0 | 6.00 | 166.00 | 172.00 | NOTE | |
| r-patched-linux-x86_64 | 0.2.0 | 4.50 | 140.92 | 145.42 | OK | |
| r-release-linux-x86_64 | 0.2.0 | 3.28 | 138.35 | 141.63 | OK | |
| r-release-macos-arm64 | 0.2.0 | OK | ||||
| r-release-macos-x86_64 | 0.2.0 | 3.00 | 206.00 | 209.00 | OK | |
| r-release-windows-x86_64 | 0.2.0 | 6.00 | 162.00 | 168.00 | OK | |
| r-oldrel-macos-arm64 | 0.2.0 | OK | ||||
| r-oldrel-macos-x86_64 | 0.2.0 | 4.00 | 125.00 | 129.00 | OK | |
| r-oldrel-windows-x86_64 | 0.2.0 | 7.00 | 204.00 | 211.00 | OK |
Version: 0.2.0
Check: CRAN incoming feasibility
Result: NOTE
Maintainer: ‘Steven E. Pav <shabbychef@gmail.com>’
Package CITATION file contains call(s) to old-style citEntry(). Please
use bibentry() instead.
Flavors: r-devel-linux-x86_64-debian-clang, r-devel-linux-x86_64-debian-gcc
Version: 0.2.0
Check: Rd files
Result: NOTE
checkRd: (-1) decagon_maze.Rd:93: height/width attributes should be in pixels
checkRd: (-1) dodecagon_maze.Rd:93: height/width attributes should be in pixels
checkRd: (-1) eq_triangle_maze.Rd:138: height/width attributes should be in pixels
checkRd: (-1) eq_triangle_maze.Rd:147: height/width attributes should be in pixels
checkRd: (-1) eq_triangle_maze.Rd:156: height/width attributes should be in pixels
checkRd: (-1) eq_triangle_maze.Rd:165: height/width attributes should be in pixels
checkRd: (-1) eq_triangle_maze.Rd:174: height/width attributes should be in pixels
checkRd: (-1) eq_triangle_maze.Rd:183: height/width attributes should be in pixels
checkRd: (-1) hexaflake_maze.Rd:95: height/width attributes should be in pixels
checkRd: (-1) hexagon_maze.Rd:124: height/width attributes should be in pixels
checkRd: (-1) hexagon_maze.Rd:133: height/width attributes should be in pixels
checkRd: (-1) hexagon_maze.Rd:142: height/width attributes should be in pixels
checkRd: (-1) iso_trapezoid_maze.Rd:124: height/width attributes should be in pixels
checkRd: (-1) iso_trapezoid_maze.Rd:133: height/width attributes should be in pixels
checkRd: (-1) koch_maze.Rd:85: height/width attributes should be in pixels
checkRd: (-1) mazealls.Rd:36: height/width attributes should be in pixels
checkRd: (-1) mazealls.Rd:66: height/width attributes should be in pixels
checkRd: (-1) octagon_maze.Rd:91: height/width attributes should be in pixels
checkRd: (-1) parallelogram_maze.Rd:141: height/width attributes should be in pixels
checkRd: (-1) parallelogram_maze.Rd:154: height/width attributes should be in pixels
checkRd: (-1) sierpinski_maze.Rd:110: height/width attributes should be in pixels
checkRd: (-1) sierpinski_trapezoid_maze.Rd:108: height/width attributes should be in pixels
Flavors: r-devel-linux-x86_64-debian-clang, r-devel-linux-x86_64-debian-gcc, r-devel-linux-x86_64-fedora-clang, r-devel-linux-x86_64-fedora-gcc, r-devel-windows-x86_64