CRAN Package Check Results for Package mcparallelDo

Last updated on 2025-05-05 06:51:38 CEST.

Flavor Version Tinstall Tcheck Ttotal Status Flags
r-devel-linux-x86_64-debian-clang 1.1.0 2.30 22.62 24.92 NOTE
r-devel-linux-x86_64-debian-gcc 1.1.0 1.56 19.16 20.72 NOTE
r-devel-linux-x86_64-fedora-clang 1.1.0 40.38 OK
r-devel-linux-x86_64-fedora-gcc 1.1.0 39.03 OK
r-devel-windows-x86_64 1.1.0 4.00 55.00 59.00 OK
r-patched-linux-x86_64 1.1.0 1.93 22.20 24.13 OK
r-release-linux-x86_64 1.1.0 2.92 22.12 25.04 OK
r-release-macos-arm64 1.1.0 25.00 OK
r-release-macos-x86_64 1.1.0 33.00 OK
r-release-windows-x86_64 1.1.0 4.00 55.00 59.00 OK
r-oldrel-macos-arm64 1.1.0 24.00 OK
r-oldrel-macos-x86_64 1.1.0 30.00 OK
r-oldrel-windows-x86_64 1.1.0 4.00 60.00 64.00 OK

Check Details

Version: 1.1.0
Check: CRAN incoming feasibility
Result: NOTE Maintainer: ‘Russell S. Pierce <russell.s.pierce@gmail.com>’ No Authors@R field in DESCRIPTION. Please add one, modifying Authors@R: person(given = c("Russell", "S."), family = "Pierce", role = c("aut", "cre"), email = "russell.s.pierce@gmail.com") as necessary. Flavors: r-devel-linux-x86_64-debian-clang, r-devel-linux-x86_64-debian-gcc