Last updated on 2024-03-28 17:49:33 CET.
Flavor | Version | Tinstall | Tcheck | Ttotal | Status | Flags |
---|---|---|---|---|---|---|
r-devel-linux-x86_64-debian-clang | 1.3.1 | 1.91 | 27.73 | 29.64 | NOTE | |
r-devel-linux-x86_64-debian-gcc | 1.3.1 | 2.17 | 21.13 | 23.30 | NOTE | |
r-devel-linux-x86_64-fedora-clang | 1.3.1 | 37.64 | NOTE | |||
r-devel-linux-x86_64-fedora-gcc | 1.3.1 | 36.66 | NOTE | |||
r-devel-windows-x86_64 | 1.3.1 | 3.00 | 41.00 | 44.00 | NOTE | |
r-patched-linux-x86_64 | 1.3.1 | 2.92 | 27.26 | 30.18 | NOTE | |
r-release-linux-x86_64 | 1.3.1 | 2.21 | 26.54 | 28.75 | NOTE | |
r-release-macos-arm64 | 1.3.1 | 19.00 | NOTE | |||
r-release-macos-x86_64 | 1.3.1 | 22.00 | NOTE | |||
r-release-windows-x86_64 | 1.3.1 | 5.00 | 43.00 | 48.00 | NOTE | |
r-oldrel-macos-arm64 | 1.3.1 | 18.00 | OK | |||
r-oldrel-windows-x86_64 | 1.3.1 | 7.00 | 51.00 | 58.00 | OK |
Version: 1.3.1
Check: Rd files
Result: NOTE
checkRd: (-1) eigp.Rd:34: Escaped LaTeX specials: \&
checkRd: (-1) imcdiag.Rd:50: Escaped LaTeX specials: \&
checkRd: (-1) imcdiag.Rd:52: Escaped LaTeX specials: \&
checkRd: (-1) mc.plot.Rd:23: Escaped LaTeX specials: \&
checkRd: (-1) mc.plot.Rd:25: Escaped LaTeX specials: \&
checkRd: (-1) mctest.Rd:39: Escaped LaTeX specials: \&
checkRd: (-1) mctest.Rd:41: Escaped LaTeX specials: \&
checkRd: (-1) omcdiag.Rd:39: Escaped LaTeX specials: \&
checkRd: (-1) omcdiag.Rd:41: Escaped LaTeX specials: \&
Flavors: r-devel-linux-x86_64-debian-clang, r-devel-linux-x86_64-debian-gcc, r-devel-linux-x86_64-fedora-clang, r-devel-linux-x86_64-fedora-gcc, r-devel-windows-x86_64, r-patched-linux-x86_64, r-release-linux-x86_64, r-release-macos-arm64, r-release-macos-x86_64, r-release-windows-x86_64