Last updated on 2024-07-03 18:57:40 CEST.
Flavor | Version | Tinstall | Tcheck | Ttotal | Status | Flags |
---|---|---|---|---|---|---|
r-devel-linux-x86_64-debian-clang | 0.1.7 | 149.28 | 91.79 | 241.07 | NOTE | |
r-devel-linux-x86_64-debian-gcc | 0.1.7 | 113.18 | 64.32 | 177.50 | NOTE | |
r-devel-linux-x86_64-fedora-clang | 0.1.7 | 360.16 | NOTE | |||
r-devel-linux-x86_64-fedora-gcc | 0.1.7 | 377.08 | NOTE | |||
r-devel-windows-x86_64 | 0.1.7 | 126.00 | 113.00 | 239.00 | NOTE | |
r-patched-linux-x86_64 | 0.1.7 | 92.09 | 88.64 | 180.73 | NOTE | |
r-release-linux-x86_64 | 0.1.7 | 107.75 | 87.41 | 195.16 | NOTE | |
r-release-macos-arm64 | 0.1.7 | 80.00 | NOTE | |||
r-release-macos-x86_64 | 0.1.7 | 83.00 | NOTE | |||
r-release-windows-x86_64 | 0.1.7 | 121.00 | 111.00 | 232.00 | NOTE | |
r-oldrel-macos-arm64 | 0.1.7 | 90.00 | NOTE | |||
r-oldrel-macos-x86_64 | 0.1.7 | 127.00 | NOTE | |||
r-oldrel-windows-x86_64 | 0.1.7 | 158.00 | 131.00 | 289.00 | OK |
Version: 0.1.7
Check: Rd files
Result: NOTE
checkRd: (-1) get_mdgc.Rd:34: Lost braces in \itemize; meant \describe ?
checkRd: (-1) get_mdgc.Rd:35: Lost braces in \itemize; meant \describe ?
checkRd: (-1) get_mdgc.Rd:36: Lost braces in \itemize; meant \describe ?
checkRd: (-1) get_mdgc.Rd:37: Lost braces in \itemize; meant \describe ?
Flavors: r-devel-linux-x86_64-debian-clang, r-devel-linux-x86_64-debian-gcc, r-devel-linux-x86_64-fedora-clang, r-devel-linux-x86_64-fedora-gcc, r-devel-windows-x86_64, r-patched-linux-x86_64, r-release-linux-x86_64, r-release-macos-arm64, r-release-macos-x86_64, r-release-windows-x86_64
Version: 0.1.7
Check: installed package size
Result: NOTE
installed size is 10.7Mb
sub-directories of 1Mb or more:
libs 10.3Mb
Flavors: r-release-macos-arm64, r-release-macos-x86_64, r-oldrel-macos-arm64, r-oldrel-macos-x86_64