Last updated on 2025-05-05 06:51:38 CEST.
Flavor | Version | Tinstall | Tcheck | Ttotal | Status | Flags |
---|---|---|---|---|---|---|
r-devel-linux-x86_64-debian-clang | 1.4-9.4 | 3.83 | 125.37 | 129.20 | NOTE | |
r-devel-linux-x86_64-debian-gcc | 1.4-9.4 | 2.91 | 99.71 | 102.62 | NOTE | |
r-devel-linux-x86_64-fedora-clang | 1.4-9.4 | 223.01 | OK | |||
r-devel-linux-x86_64-fedora-gcc | 1.4-9.4 | 224.12 | OK | |||
r-devel-windows-x86_64 | 1.4-9.4 | 9.00 | 148.00 | 157.00 | OK | |
r-patched-linux-x86_64 | 1.4-9.4 | 4.45 | 129.29 | 133.74 | OK | |
r-release-linux-x86_64 | 1.4-9.4 | 3.90 | 121.59 | 125.49 | OK | |
r-release-macos-arm64 | 1.4-9.4 | 69.00 | OK | |||
r-release-macos-x86_64 | 1.4-9.4 | 137.00 | OK | |||
r-release-windows-x86_64 | 1.4-9.4 | 8.00 | 153.00 | 161.00 | OK | |
r-oldrel-macos-arm64 | 1.4-9.4 | 65.00 | OK | |||
r-oldrel-macos-x86_64 | 1.4-9.4 | 101.00 | OK | |||
r-oldrel-windows-x86_64 | 1.4-9.4 | 10.00 | 228.00 | 238.00 | OK |
Version: 1.4-9.4
Check: CRAN incoming feasibility
Result: NOTE
Maintainer: ‘Fred Viole <fviole@fordham.edu>’
No Authors@R field in DESCRIPTION.
Please add one, modifying
Authors@R: c(person(given = c("Hrishikesh", "D."),
family = "Vinod",
role = "aut",
email = "Vinod@fordham.edu"),
person(given = "Javier",
family = "López-de-Lacalle",
role = "aut",
email = "javlacalle@yahoo.es"),
person(given = "Fred",
family = "Viole",
role = c("aut", "cre"),
email = "fviole@fordham.edu"))
as necessary.
Flavors: r-devel-linux-x86_64-debian-clang, r-devel-linux-x86_64-debian-gcc