Last updated on 2024-07-03 18:57:40 CEST.
Flavor | Version | Tinstall | Tcheck | Ttotal | Status | Flags |
---|---|---|---|---|---|---|
r-devel-linux-x86_64-debian-clang | 1.1.1 | 3.89 | 145.39 | 149.28 | NOTE | |
r-devel-linux-x86_64-debian-gcc | 1.1.1 | 3.64 | 98.59 | 102.23 | NOTE | |
r-devel-linux-x86_64-fedora-clang | 1.1.1 | 181.99 | NOTE | |||
r-devel-linux-x86_64-fedora-gcc | 1.1.1 | 186.54 | NOTE | |||
r-devel-windows-x86_64 | 1.1.1 | 7.00 | 123.00 | 130.00 | NOTE | |
r-patched-linux-x86_64 | 1.1.1 | 4.27 | 139.65 | 143.92 | NOTE | |
r-release-linux-x86_64 | 1.1.1 | 3.57 | 138.88 | 142.45 | NOTE | |
r-release-macos-arm64 | 1.1.1 | 63.00 | NOTE | |||
r-release-macos-x86_64 | 1.1.1 | 117.00 | NOTE | |||
r-release-windows-x86_64 | 1.1.1 | 7.00 | 124.00 | 131.00 | NOTE | |
r-oldrel-macos-arm64 | 1.1.1 | 59.00 | NOTE | |||
r-oldrel-macos-x86_64 | 1.1.1 | 95.00 | NOTE | |||
r-oldrel-windows-x86_64 | 1.1.1 | 9.00 | 140.00 | 149.00 | NOTE |
Version: 1.1.1
Check: LazyData
Result: NOTE
'LazyData' is specified without a 'data' directory
Flavors: r-devel-linux-x86_64-debian-clang, r-devel-linux-x86_64-debian-gcc, r-devel-linux-x86_64-fedora-clang, r-devel-linux-x86_64-fedora-gcc, r-devel-windows-x86_64, r-patched-linux-x86_64, r-release-linux-x86_64, r-release-macos-arm64, r-release-macos-x86_64, r-release-windows-x86_64, r-oldrel-macos-arm64, r-oldrel-macos-x86_64, r-oldrel-windows-x86_64
Version: 1.1.1
Check: dependencies in R code
Result: NOTE
Namespace in Imports field not imported from: ‘urca’
All declared Imports should be used.
Flavors: r-devel-linux-x86_64-fedora-clang, r-devel-linux-x86_64-fedora-gcc