Last updated on 2025-05-06 06:50:00 CEST.
Flavor | Version | Tinstall | Tcheck | Ttotal | Status | Flags |
---|---|---|---|---|---|---|
r-devel-linux-x86_64-debian-clang | 0.1.4 | 1.65 | 16.87 | 18.52 | NOTE | |
r-devel-linux-x86_64-debian-gcc | 0.1.4 | 1.45 | 13.66 | 15.11 | NOTE | |
r-devel-linux-x86_64-fedora-clang | 0.1.4 | 30.76 | OK | |||
r-devel-linux-x86_64-fedora-gcc | 0.1.4 | 27.89 | OK | |||
r-devel-windows-x86_64 | 0.1.4 | 3.00 | 35.00 | 38.00 | OK | |
r-patched-linux-x86_64 | 0.1.4 | 1.85 | 16.44 | 18.29 | OK | |
r-release-linux-x86_64 | 0.1.4 | 1.56 | 16.46 | 18.02 | OK | |
r-release-macos-arm64 | 0.1.4 | 16.00 | OK | |||
r-release-macos-x86_64 | 0.1.4 | 23.00 | OK | |||
r-release-windows-x86_64 | 0.1.4 | 3.00 | 38.00 | 41.00 | OK | |
r-oldrel-macos-arm64 | 0.1.4 | 15.00 | OK | |||
r-oldrel-macos-x86_64 | 0.1.4 | 20.00 | OK | |||
r-oldrel-windows-x86_64 | 0.1.4 | 3.00 | 35.00 | 38.00 | OK |
Version: 0.1.4
Check: CRAN incoming feasibility
Result: NOTE
Maintainer: ‘Nanami Taketomi <nnmamikrn@gmail.com>’
No Authors@R field in DESCRIPTION.
Please add one, modifying
Authors@R: c(person(given = "Nanami",
family = "Taketomi",
role = c("aut", "cre"),
email = "nnmamikrn@gmail.com"),
person(given = "Takeshi",
family = "Emura",
role = "aut"))
as necessary.
Flavors: r-devel-linux-x86_64-debian-clang, r-devel-linux-x86_64-debian-gcc