Last updated on 2025-05-05 18:50:09 CEST.
Flavor | Version | Tinstall | Tcheck | Ttotal | Status | Flags |
---|---|---|---|---|---|---|
r-devel-linux-x86_64-debian-clang | 3.1.3 | 3.57 | 38.20 | 41.77 | NOTE | |
r-devel-linux-x86_64-debian-gcc | 3.1.3 | 2.49 | 29.28 | 31.77 | NOTE | |
r-devel-linux-x86_64-fedora-clang | 3.1.3 | 69.06 | OK | |||
r-devel-linux-x86_64-fedora-gcc | 3.1.3 | 75.95 | OK | |||
r-devel-windows-x86_64 | 3.1.3 | 4.00 | 72.00 | 76.00 | OK | |
r-patched-linux-x86_64 | 3.1.3 | 3.64 | 36.53 | 40.17 | OK | |
r-release-linux-x86_64 | 3.1.3 | 3.20 | 36.25 | 39.45 | OK | |
r-release-macos-arm64 | 3.1.3 | 35.00 | OK | |||
r-release-macos-x86_64 | 3.1.3 | 54.00 | OK | |||
r-release-windows-x86_64 | 3.1.3 | 4.00 | 76.00 | 80.00 | OK | |
r-oldrel-macos-arm64 | 3.1.3 | 29.00 | NOTE | |||
r-oldrel-macos-x86_64 | 3.1.3 | 46.00 | OK | |||
r-oldrel-windows-x86_64 | 3.1.3 | 4.00 | 79.00 | 83.00 | OK |
Version: 3.1.3
Check: CRAN incoming feasibility
Result: NOTE
Maintainer: ‘Samuel Blanck <samuel.blanck@univ-lille.fr>’
No Authors@R field in DESCRIPTION.
Please add one, modifying
Authors@R: c(person(given = "Guillemette",
family = "Marot",
role = c("aut", "cre")),
person(given = "Samuel",
family = "Blanck",
role = "cre",
email = "samuel.blanck@univ-lille.fr"))
as necessary.
Package CITATION file contains call(s) to old-style personList() or
as.personList(). Please use c() on person objects instead.
Package CITATION file contains call(s) to old-style citEntry(). Please
use bibentry() instead.
Flavors: r-devel-linux-x86_64-debian-clang, r-devel-linux-x86_64-debian-gcc
Version: 3.1.3
Check: package dependencies
Result: NOTE
Packages suggested but not available for checking:
'hgu133plus2.db', 'hgu133a.db', 'hgu95av2.db'
Flavor: r-oldrel-macos-arm64