Last updated on 2024-04-23 18:51:01 CEST.
Flavor | Version | Tinstall | Tcheck | Ttotal | Status | Flags |
---|---|---|---|---|---|---|
r-devel-linux-x86_64-debian-clang | 1.3.4 | 418.95 | 562.31 | 981.26 | OK | |
r-devel-linux-x86_64-debian-gcc | 1.3.4 | 319.12 | 419.40 | 738.52 | OK | |
r-devel-linux-x86_64-fedora-clang | 1.3.4 | 1259.19 | NOTE | |||
r-devel-linux-x86_64-fedora-gcc | 1.3.4 | 1304.79 | OK | |||
r-prerel-macos-arm64 | 1.3.4 | 327.00 | NOTE | |||
r-prerel-macos-x86_64 | 1.3.4 | 610.00 | NOTE | |||
r-prerel-windows-x86_64 | 1.3.4 | 298.00 | 434.00 | 732.00 | NOTE | |
r-patched-linux-x86_64 | 1.3.4 | 374.81 | 544.18 | 918.99 | OK | |
r-release-linux-x86_64 | 1.3.4 | 404.58 | 529.01 | 933.59 | OK | |
r-release-macos-arm64 | 1.3.4 | 302.00 | NOTE | |||
r-release-macos-x86_64 | 1.3.4 | 609.00 | NOTE | |||
r-release-windows-x86_64 | 1.3.4 | 371.00 | 584.00 | 955.00 | NOTE | |
r-oldrel-macos-arm64 | 1.3.4 | 288.00 | NOTE | |||
r-oldrel-windows-x86_64 | 1.3.4 | 358.00 | 554.00 | 912.00 | NOTE |
Version: 1.3.4
Check: installed package size
Result: NOTE
installed size is 8.5Mb
sub-directories of 1Mb or more:
R 1.7Mb
doc 2.8Mb
libs 2.1Mb
Flavors: r-devel-linux-x86_64-fedora-clang, r-prerel-macos-arm64, r-prerel-macos-x86_64, r-prerel-windows-x86_64, r-release-macos-arm64, r-release-macos-x86_64, r-release-windows-x86_64, r-oldrel-macos-arm64, r-oldrel-windows-x86_64