Last updated on 2024-04-24 07:15:08 CEST.
Flavor | Version | Tinstall | Tcheck | Ttotal | Status | Flags |
---|---|---|---|---|---|---|
r-devel-linux-x86_64-debian-clang | 1.1 | 31.28 | 157.39 | 188.67 | NOTE | |
r-devel-linux-x86_64-debian-gcc | 1.1 | 21.16 | 112.79 | 133.95 | NOTE | |
r-devel-linux-x86_64-fedora-clang | 1.1 | 231.81 | NOTE | |||
r-devel-linux-x86_64-fedora-gcc | 1.1 | 257.84 | NOTE | |||
r-prerel-macos-arm64 | 1.1 | 85.00 | NOTE | |||
r-prerel-windows-x86_64 | 1.1 | 23.00 | 131.00 | 154.00 | NOTE | |
r-patched-linux-x86_64 | 1.1 | 35.07 | 148.36 | 183.43 | NOTE | |
r-release-linux-x86_64 | 1.1 | 30.98 | 147.85 | 178.83 | OK | |
r-release-macos-arm64 | 1.1 | 95.00 | OK | |||
r-release-macos-x86_64 | 1.1 | 150.00 | OK | |||
r-release-windows-x86_64 | 1.1 | 30.00 | 163.00 | 193.00 | OK | |
r-oldrel-macos-arm64 | 1.1 | 85.00 | OK | |||
r-oldrel-windows-x86_64 | 1.1 | 34.00 | 165.00 | 199.00 | OK |
Version: 1.1
Check: Rd files
Result: NOTE
checkRd: (-1) rdata.frame.Rd:132: Lost braces in \enumerate; \value handles \item{}{} directly
checkRd: (-1) rdata.frame.Rd:133-134: Lost braces in \enumerate; \value handles \item{}{} directly
checkRd: (-1) rdata.frame.Rd:135-137: Lost braces in \enumerate; \value handles \item{}{} directly
checkRd: (-1) rdata.frame.Rd:138-139: Lost braces in \enumerate; \value handles \item{}{} directly
checkRd: (-1) rdata.frame.Rd:144: Lost braces in \enumerate; \value handles \item{}{} directly
checkRd: (-1) rdata.frame.Rd:145-147: Lost braces in \enumerate; \value handles \item{}{} directly
checkRd: (-1) rdata.frame.Rd:148-150: Lost braces in \enumerate; \value handles \item{}{} directly
Flavors: r-devel-linux-x86_64-debian-clang, r-devel-linux-x86_64-debian-gcc, r-devel-linux-x86_64-fedora-clang, r-devel-linux-x86_64-fedora-gcc, r-prerel-macos-arm64, r-prerel-windows-x86_64, r-patched-linux-x86_64