Last updated on 2024-03-28 17:49:34 CET.
Flavor | Version | Tinstall | Tcheck | Ttotal | Status | Flags |
---|---|---|---|---|---|---|
r-devel-linux-x86_64-debian-clang | 1.6 | 7.34 | 1066.08 | 1073.42 | OK | |
r-devel-linux-x86_64-debian-gcc | 1.6 | 6.62 | 777.85 | 784.47 | OK | |
r-devel-linux-x86_64-fedora-clang | 1.6 | 1303.09 | NOTE | |||
r-devel-linux-x86_64-fedora-gcc | 1.6 | 1295.26 | NOTE | |||
r-devel-windows-x86_64 | 1.6 | 10.00 | 601.00 | 611.00 | OK | |
r-patched-linux-x86_64 | 1.6 | 5.93 | 1071.06 | 1076.99 | OK | |
r-release-linux-x86_64 | 1.6 | 4.81 | 1075.59 | 1080.40 | OK | |
r-release-macos-arm64 | 1.6 | 298.00 | OK | |||
r-release-macos-x86_64 | 1.6 | 572.00 | OK | |||
r-release-windows-x86_64 | 1.6 | 11.00 | 916.00 | 927.00 | OK | |
r-oldrel-macos-arm64 | 1.6 | 247.00 | NOTE | |||
r-oldrel-windows-x86_64 | 1.6 | 10.00 | 922.00 | 932.00 | OK |
Version: 1.6
Check: dependencies in R code
Result: NOTE
Namespace in Imports field not imported from: ‘testthat’
All declared Imports should be used.
Flavors: r-devel-linux-x86_64-fedora-clang, r-devel-linux-x86_64-fedora-gcc, r-oldrel-macos-arm64