Last updated on 2024-05-02 07:10:55 CEST.
Flavor | Version | Tinstall | Tcheck | Ttotal | Status | Flags |
---|---|---|---|---|---|---|
r-devel-linux-x86_64-debian-clang | 1.2 | 6.68 | 69.18 | 75.86 | NOTE | |
r-devel-linux-x86_64-debian-gcc | 1.2 | 4.61 | 52.38 | 56.99 | NOTE | |
r-devel-linux-x86_64-fedora-clang | 1.2 | 100.55 | NOTE | |||
r-devel-linux-x86_64-fedora-gcc | 1.2 | 105.25 | NOTE | |||
r-devel-windows-x86_64 | 1.2 | 7.00 | 80.00 | 87.00 | NOTE | |
r-patched-linux-x86_64 | 1.2 | 12.08 | 65.59 | 77.67 | NOTE | |
r-release-linux-x86_64 | 1.2 | 3.92 | 67.64 | 71.56 | NOTE | |
r-release-macos-arm64 | 1.2 | 41.00 | NOTE | |||
r-release-windows-x86_64 | 1.2 | 6.00 | 81.00 | 87.00 | NOTE | |
r-oldrel-macos-arm64 | 1.2 | 43.00 | NOTE | |||
r-oldrel-macos-x86_64 | 1.2 | 62.00 | NOTE | |||
r-oldrel-windows-x86_64 | 1.2 | 7.00 | 86.00 | 93.00 | NOTE |
Version: 1.2
Check: package dependencies
Result: NOTE
Package suggested but not available for checking: ‘microcontax.data’
Flavors: r-devel-linux-x86_64-debian-clang, r-devel-linux-x86_64-debian-gcc, r-devel-linux-x86_64-fedora-clang, r-devel-linux-x86_64-fedora-gcc, r-devel-windows-x86_64, r-patched-linux-x86_64, r-release-linux-x86_64, r-release-macos-arm64, r-release-windows-x86_64, r-oldrel-macos-arm64, r-oldrel-macos-x86_64, r-oldrel-windows-x86_64
Version: 1.2
Check: Rd cross-references
Result: NOTE
Package unavailable to check Rd xrefs: ‘microcontax.data’
Flavors: r-devel-linux-x86_64-debian-clang, r-devel-linux-x86_64-debian-gcc, r-devel-linux-x86_64-fedora-clang, r-devel-linux-x86_64-fedora-gcc, r-devel-windows-x86_64, r-patched-linux-x86_64, r-release-linux-x86_64, r-release-macos-arm64, r-release-windows-x86_64, r-oldrel-macos-arm64, r-oldrel-macos-x86_64, r-oldrel-windows-x86_64